{"id":2944,"date":"2023-05-24T14:50:05","date_gmt":"2023-05-24T12:50:05","guid":{"rendered":"https:\/\/venfret.fr\/?post_type=product&#038;p=2944"},"modified":"2024-05-17T09:43:59","modified_gmt":"2024-05-17T07:43:59","slug":"tablette-de-cafe-les-freres-de-la-cote-bean-to-bar","status":"publish","type":"product","link":"https:\/\/venfret.fr\/index.php\/produit\/tablette-de-cafe-les-freres-de-la-cote-bean-to-bar\/","title":{"rendered":"Tablette de caf\u00e9 \u2013 Les Fr\u00e8res de la C\u00f4te \u00ab\u00a0Bean to Bar\u00a0\u00bb"},"content":{"rendered":"<div class=\"brz-root__container brz-reset-all\">\n<section id=\"hqcousoivilanrlxjdgdpqjquqlkzslqsiwz\" class=\"brz-section brz-css-qXphd\">\n<div class=\"brz-section__content brz-section--boxed brz-css-fwDAW brz-css-wPsRj\" data-brz-custom-id=\"uerhybyijbsqnuxnjapmchgwrghurwpbmgzz\">\n<div class=\"brz-container brz-css-w1Eqm\">\n<div id class=\"brz-css-qcbcS brz-css-q9ZEy brz-wrapper\">\n<div id=\"jepimqlrqsvqfnunxrzmkccjrhsnixvxvanm\" class=\"brz-woocart__wrapper brz-woocart__parent brz-woocart--bubble brz-css-wWGj1 brz-css-hHHiE\" data-brz-custom-id=\"jepimqlrqsvqfnunxrzmkccjrhsnixvxvanm\">\n<div class=\"brz-woocart__background\"><\/div>\n<div class=\"brz-woocart__dc\" style=\"min-height:20px\"><\/div>\n<\/div>\n<\/div>\n<div id class=\"brz-css-qcbcS brz-css-aJJaq brz-wrapper\">\n<div class=\"brz-spacer brz-css-pXLl7\"><\/div>\n<\/div>\n<div class=\"brz-wrapper-clone brz-css-bg3i5\">\n<div class=\"brz-d-xs-flex brz-flex-xs-wrap brz-css-lVSD0 brz-css-tJMcQ\">\n<div class=\"brz-wrapper-clone__item\" id=\"nkaahkvoqiitrsobknvvjypgymtqsmofoktp\"><a class=\"brz-a brz-btn brz-css-vp2xL brz-css-pCiTp\" href=\"%7B@brizy_SITE_URL_PLACEHOLDER@%7D\/index.php\/boutique-pre-commande\/\" target=\"_self\" rel=\"noopener\" data-brz-link-type=\"external\" data-brz-custom-id=\"nkaahkvoqiitrsobknvvjypgymtqsmofoktp\"><span data-brz-translate-text=\"1\" class=\"brz-span brz-text__editor\">Retour<\/span><\/a><\/div>\n<\/div>\n<\/div>\n<div class=\"brz-row__container brz-css-vSN26\" data-brz-custom-id=\"dvoyxhgbxyoyqxdnvvxqzfpkappxuzzlfaxy\">\n<div class=\"brz-bg\"><\/div>\n<div class=\"brz-row brz-css-txrOu brz-css-m4XGz\">\n<div class=\"brz-columns brz-css-vPouC\" data-brz-custom-id=\"guxshotvpvgmnojojonjwdlsuyvmvfpsuglz\">\n<div class=\"brz-bg\"><\/div>\n<div class=\"brz-column__items brz-css-uOsgQ\">\n<div class=\"brz-row__container brz-css-vSN26\" data-brz-custom-id=\"xrbpwdrevbbrgfodegkdresdifjmumzhdcen\">\n<div class=\"brz-bg\"><\/div>\n<div class=\"brz-row brz-row--inner brz-css-txrOu\">\n<div class=\"brz-columns brz-css-vPouC brz-css-e2cFp\" data-brz-custom-id=\"flssajsutpgqalnivxzhhvmsvvceayqfzucd\">\n<div class=\"brz-bg\"><\/div>\n<div class=\"brz-column__items brz-css-uOsgQ\">\n<div id class=\"brz-css-qcbcS brz-wrapper\">\n<div class=\"brz-rich-text brz-rich-text__custom brz-css-hAKNG\" data-brz-custom-id=\"nxasedoeaizilxquridjuxmjhgjnmeqvalqs\">\n<div data-brz-translate-text=\"1\">\n<p data-uniq-id=\"gzwxa\" data-generated-css=\"brz-css-nwafa\" class=\"brz-tp-lg-empty brz-ff-raleway brz-ft-google brz-fs-lg-0 brz-fss-lg-px brz-fw-lg-400 brz-ls-lg-0 brz-lh-lg-1_8 brz-css-bBbKM\"><\/p>\n<\/div>\n<\/div>\n<\/div>\n<\/div>\n<\/div>\n<\/div>\n<\/div>\n<div class=\"brz-row__container brz-css-vSN26\" data-brz-custom-id=\"gufmrxnvgwklsmlsscvwonypvuukqtuqkcsg\">\n<div class=\"brz-bg\"><\/div>\n<div class=\"brz-row brz-row--inner brz-css-txrOu brz-css-m4XGz\">\n<div class=\"brz-columns brz-css-vPouC brz-css-ni04l\" data-brz-custom-id=\"zfguojursyznmvuajnluyrkqulrllzbwurds\">\n<div class=\"brz-bg\"><\/div>\n<div class=\"brz-column__items brz-css-uOsgQ\">\n<div id class=\"brz-css-qcbcS brz-wrapper\">\n<div class=\"brz-wp-title brz-css-jj3Db brz-css-ahPrH\" data-brz-custom-id=\"sqepfyqxekbfstmutwyuuvtydfkhnmigzsio\"><span class=\"brz-wp-title-content\" style=\"min-height:20px\"><\/span><\/div>\n<\/div>\n<\/div>\n<\/div>\n<\/div>\n<\/div>\n<div class=\"brz-row__container brz-css-vSN26\" data-brz-custom-id=\"nbsnnlavonwdkcyamblacvrbhrecpufwmrlx\">\n<div class=\"brz-bg\"><\/div>\n<div class=\"brz-row brz-row--inner brz-css-txrOu brz-css-m4XGz\">\n<div class=\"brz-columns brz-css-vPouC brz-css-hv3aA\" data-brz-custom-id=\"eulcsqicedocfkklqbrspopquzpxdbfsxazz\">\n<div class=\"brz-bg\"><\/div>\n<div class=\"brz-column__items brz-css-uOsgQ\">\n<div id class=\"brz-css-qcbcS brz-wrapper\">\n<div class=\"brz-wooexcerpt brz-css-fit15 brz-css-kP97V\">\n<div style=\"min-height:20px\"><\/div>\n<\/div>\n<\/div>\n<\/div>\n<\/div>\n<\/div>\n<\/div>\n<div class=\"brz-row__container brz-css-vSN26\" data-brz-custom-id=\"rerwxbvlpsokdcihostvzmfunorbgqqcnjti\">\n<div class=\"brz-bg\"><\/div>\n<div class=\"brz-row brz-row--inner brz-css-txrOu\">\n<div class=\"brz-columns brz-css-vPouC brz-css-qU028\" data-brz-custom-id=\"gofsfdlodnjfrfuevezfdaqvjnygjrncyyga\">\n<div class=\"brz-bg\"><\/div>\n<div class=\"brz-column__items brz-css-uOsgQ\">\n<div id class=\"brz-css-qcbcS brz-wrapper\">\n<div class=\"brz-woo-price brz-css-c5mis brz-css-iwGhA\" data-brz-custom-id=\"jphbquftyojdugmnxfhzhmiifrddanekojwp\">\n<div style=\"min-height:20px\"><\/div>\n<\/div>\n<\/div>\n<\/div>\n<\/div>\n<div class=\"brz-columns brz-css-vPouC\" data-brz-custom-id=\"irmfbnisxkpznrermshbqcquviwynfjllatj\">\n<div class=\"brz-bg\"><\/div>\n<div class=\"brz-column__items brz-css-uOsgQ\">\n<div id class=\"brz-css-qcbcS brz-wrapper\">\n<div class=\"brz-woo-add-to-cart brz-css-iF87A brz-css-i70LD\" data-brz-custom-id=\"uczzlkoimfvqwvizpmesxphhgfjnfzevzojm\">\n<div style=\"min-height:20px\"><\/div>\n<\/div>\n<\/div>\n<\/div>\n<\/div>\n<\/div>\n<\/div>\n<div class=\"brz-row__container brz-css-vSN26\" data-brz-custom-id=\"gxuyyjhcnsdzqueisnptwqjegftjsojvqvfq\">\n<div class=\"brz-bg\"><\/div>\n<div class=\"brz-row brz-row--inner brz-css-txrOu\">\n<div class=\"brz-columns brz-css-vPouC\" data-brz-custom-id=\"dliayacakyapwxsunphsjcaaixykkhlhuahg\">\n<div class=\"brz-bg\"><\/div>\n<div class=\"brz-column__items brz-css-uOsgQ\"><\/div>\n<\/div>\n<div class=\"brz-columns brz-css-vPouC\" data-brz-custom-id=\"gdblmvqtgvvrpsdkknoniukonnevupeypwho\">\n<div class=\"brz-bg\"><\/div>\n<div class=\"brz-column__items brz-css-uOsgQ\"><\/div>\n<\/div>\n<\/div>\n<\/div>\n<\/div>\n<\/div>\n<div class=\"brz-columns brz-css-vPouC\" data-brz-custom-id=\"sxzxkbnjehrbjlicdxqtytaoctavsitdaqlz\">\n<div class=\"brz-bg\"><\/div>\n<div class=\"brz-column__items brz-css-uOsgQ\">\n<div id class=\"brz-css-qcbcS brz-wrapper\">\n<div class=\"brz-woo-gallery brz-woo-gallery__style-bottom brz-woo-gallery__thumbsTB-4 brz-css-xqCr7 brz-css-i9chK\" data-brz-custom-id=\"zxnodqzqwpaentjwkhwvfmslcptfjadhtroa\">\n<div style=\"min-height:20px\"><\/div>\n<\/div>\n<\/div>\n<\/div>\n<\/div>\n<\/div>\n<\/div>\n<\/div>\n<\/div>\n<\/section>\n<section id=\"lyywfnverxwplkhfjkcvodluejuhouckogwf\" class=\"brz-section brz-css-qXphd\">\n<div class=\"brz-section__content brz-section--boxed brz-css-fwDAW\" data-brz-custom-id=\"orzjrncayvnisjwkwsmsuybescvbceodqeak\">\n<div class=\"brz-container brz-css-w1Eqm\">\n<div class=\"brz-row__container brz-css-vSN26\" data-brz-custom-id=\"exphlinskckkudngwidodzamxwuoovfhyecu\">\n<div class=\"brz-bg\"><\/div>\n<div class=\"brz-row brz-css-txrOu brz-css-m4XGz\">\n<div class=\"brz-columns brz-css-vPouC brz-css-ag8n9\" data-brz-custom-id=\"jilagngjffutzilonnuwbcncgvasaypwzpjg\">\n<div class=\"brz-bg\"><\/div>\n<div class=\"brz-column__items brz-css-uOsgQ\">\n<div class=\"brz-row__container brz-css-vSN26\" data-brz-custom-id=\"ijfccxrfeacsusowewskgmpustqdmssvoosb\">\n<div class=\"brz-bg\"><\/div>\n<div class=\"brz-row brz-row--inner brz-css-txrOu\">\n<div class=\"brz-columns brz-css-vPouC brz-css-s_phd\" data-brz-custom-id=\"lbgnwlbaklbtqcsvcexzcukxixiqqjecksdw\">\n<div class=\"brz-bg\"><\/div>\n<div class=\"brz-column__items brz-css-uOsgQ\">\n<div id class=\"brz-css-qcbcS brz-wrapper\">\n<div class=\"brz-rich-text brz-rich-text__custom brz-css-hAKNG\" data-brz-custom-id=\"avdokoisdkfkxbzaifcezttqrqqlvjqrfhio\">\n<div data-brz-translate-text=\"1\">\n<p data-generated-css=\"brz-css-zwavu\" data-uniq-id=\"zfpjf\" class=\"brz-lh-lg-1_5 brz-tp-lg-empty brz-ff-overpass brz-ft-google brz-fs-lg-30 brz-fss-lg-px brz-fw-lg-400 brz-ls-lg-0_5 brz-css-xlIHa\">Les Fr&egrave;res de la C&ocirc;te &#8211; Bean to Bar<\/p>\n<\/div>\n<\/div>\n<\/div>\n<div id class=\"brz-css-qcbcS brz-wrapper\">\n<div class=\"brz-rich-text brz-rich-text__custom brz-css-hAKNG\" data-brz-custom-id=\"lkxmzkbtfljcdggftjibqezblaybjjwtalxz\">\n<div data-brz-translate-text=\"1\">\n<p class=\"brz-fss-lg-px brz-fw-lg-600 brz-ls-lg-0 brz-lh-lg-1_8 brz-tp-lg-empty brz-ff-overpass brz-ft-google brz-fs-lg-20 brz-css-oxoXc\" data-uniq-id=\"bormo\" data-generated-css=\"brz-css-lirtv\">Histoire<\/p>\n<\/div>\n<\/div>\n<\/div>\n<\/div>\n<\/div>\n<\/div>\n<\/div>\n<div id class=\"brz-css-qcbcS brz-wrapper\">\n<div class=\"brz-rich-text brz-rich-text__custom brz-css-hAKNG\" data-brz-custom-id=\"xcrmsespvbiacenwtqbyephdsmdzkknqonsc\">\n<div data-brz-translate-text=\"1\">\n<p class=\"brz-tp-lg-empty brz-ff-overpass brz-ft-google brz-fs-lg-14 brz-fss-lg-px brz-fw-lg-400 brz-ls-lg-0 brz-lh-lg-1_8 brz-css-ipdME\" data-uniq-id=\"wkwir\" data-generated-css=\"brz-css-brfjq\">Apr&egrave;s plus de 10 ann&eacute;es pass&eacute;es aux Antilles Maggy et Rapha&euml;l sont<\/p>\n<p class=\"brz-tp-lg-empty brz-ff-overpass brz-ft-google brz-fs-lg-14 brz-fss-lg-px brz-fw-lg-400 brz-ls-lg-0 brz-lh-lg-1_8 brz-css-uz2R7\" data-uniq-id=\"vkdmf\" data-generated-css=\"brz-css-znoor\">revenus s&rsquo;installer en Charente Maritime pour une nouvelle aventure.<\/p>\n<p class=\"brz-tp-lg-empty brz-ff-overpass brz-ft-google brz-fs-lg-14 brz-fss-lg-px brz-fw-lg-400 brz-ls-lg-0 brz-lh-lg-1_8 brz-css-zb2tF\" data-uniq-id=\"jhqbv\" data-generated-css=\"brz-css-dlegs\">Depuis plus d&rsquo;un an nous peaufinons nos proc&eacute;d&eacute;s de fabrication d&rsquo;un<\/p>\n<p class=\"brz-tp-lg-empty brz-ff-overpass brz-ft-google brz-fs-lg-14 brz-fss-lg-px brz-fw-lg-400 brz-ls-lg-0 brz-lh-lg-1_8 brz-css-spjj4\" data-uniq-id=\"nlhuv\" data-generated-css=\"brz-css-zexog\">chocolat d&rsquo;exception &agrave; partir des f&egrave;ves de Cacao Biologiques ramen&eacute;es<\/p>\n<p class=\"brz-tp-lg-empty brz-ff-overpass brz-ft-google brz-fs-lg-14 brz-fss-lg-px brz-fw-lg-400 brz-ls-lg-0 brz-lh-lg-1_8 brz-css-gu4jk\" data-uniq-id=\"xdmbb\" data-generated-css=\"brz-css-osfjo\">des Cara&iuml;bes par le voilier cargo Tres Hombres.<\/p>\n<p class=\"brz-tp-lg-empty brz-ff-overpass brz-ft-google brz-fs-lg-14 brz-fss-lg-px brz-fw-lg-400 brz-ls-lg-0 brz-lh-lg-1_8 brz-css-nyx8F\" data-uniq-id=\"yqskt\" data-generated-css=\"brz-css-eapnt\">Saviez vous que le chocolat d&eacute;veloppe une palette aromatique aussi large<\/p>\n<p class=\"brz-tp-lg-empty brz-ff-overpass brz-ft-google brz-fs-lg-14 brz-fss-lg-px brz-fw-lg-400 brz-ls-lg-0 brz-lh-lg-1_8 brz-css-wVw90\" data-uniq-id=\"jnhbl\" data-generated-css=\"brz-css-fxtiz\">que le vin?<\/p>\n<p class=\"brz-tp-lg-empty brz-ff-overpass brz-ft-google brz-fs-lg-14 brz-fss-lg-px brz-fw-lg-400 brz-ls-lg-0 brz-lh-lg-1_8 brz-css-lURU_\" data-uniq-id=\"tjlqh\" data-generated-css=\"brz-css-bppga\">Des ar&ocirc;mes floraux (les plus d&eacute;licats), bois&eacute;s, fruit&eacute;s,&#8230;<\/p>\n<p class=\"brz-tp-lg-empty brz-ff-overpass brz-ft-google brz-fs-lg-14 brz-fss-lg-px brz-fw-lg-400 brz-ls-lg-0 brz-lh-lg-1_8 brz-css-d3goQ\" data-uniq-id=\"spakl\" data-generated-css=\"brz-css-vdbol\">Pour conserver ces ar&ocirc;mes, nous privil&eacute;gions une faible torr&eacute;faction<\/p>\n<p class=\"brz-tp-lg-empty brz-ff-overpass brz-ft-google brz-fs-lg-14 brz-fss-lg-px brz-fw-lg-400 brz-ls-lg-0 brz-lh-lg-1_8 brz-css-jujZe\" data-uniq-id=\"ywkiz\" data-generated-css=\"brz-css-vxrmm\">permettant de garder les qualit&eacute;s nutritives du Cacao et surtout sa<\/p>\n<p class=\"brz-tp-lg-empty brz-ff-overpass brz-ft-google brz-fs-lg-14 brz-fss-lg-px brz-fw-lg-400 brz-ls-lg-0 brz-lh-lg-1_8 brz-css-ujqPD\" data-uniq-id=\"glugb\" data-generated-css=\"brz-css-wgqrw\">complexit&eacute; aromatique.<\/p>\n<p class=\"brz-tp-lg-empty brz-ff-overpass brz-ft-google brz-fs-lg-14 brz-fss-lg-px brz-fw-lg-400 brz-ls-lg-0 brz-lh-lg-1_8 brz-css-dq1uH\" data-uniq-id=\"hqrxs\" data-generated-css=\"brz-css-nnjgs\">Aucun ar&ocirc;me artificiel de vanille comme dans tous les chocolats<\/p>\n<p class=\"brz-tp-lg-empty brz-ff-overpass brz-ft-google brz-fs-lg-14 brz-fss-lg-px brz-fw-lg-400 brz-ls-lg-0 brz-lh-lg-1_8 brz-css-r60Yx\" data-uniq-id=\"tgvbi\" data-generated-css=\"brz-css-nngmy\">industriels. Le traitement des f&egrave;ves en quantit&eacute; industrielle les<\/p>\n<p class=\"brz-tp-lg-empty brz-ff-overpass brz-ft-google brz-fs-lg-14 brz-fss-lg-px brz-fw-lg-400 brz-ls-lg-0 brz-lh-lg-1_8 brz-css-yTnxa\" data-uniq-id=\"glkgq\" data-generated-css=\"brz-css-whsxr\">obligeant &agrave; pousser les torr&eacute;factions et d&eacute;truisant tous les ar&ocirc;mes<\/p>\n<p class=\"brz-tp-lg-empty brz-ff-overpass brz-ft-google brz-fs-lg-14 brz-fss-lg-px brz-fw-lg-400 brz-ls-lg-0 brz-lh-lg-1_8 brz-css-s1JFa\" data-uniq-id=\"ngryn\" data-generated-css=\"brz-css-oxain\">d&eacute;licats du cacao.<\/p>\n<p class=\"brz-tp-lg-empty brz-ff-overpass brz-ft-google brz-fs-lg-14 brz-fss-lg-px brz-fw-lg-400 brz-ls-lg-0 brz-lh-lg-1_8 brz-css-xnoeI\" data-uniq-id=\"dbzaq\" data-generated-css=\"brz-css-owijy\">En plus de cela nous privil&eacute;gions un temps de conchage (Broyage des<\/p>\n<p class=\"brz-tp-lg-empty brz-ff-overpass brz-ft-google brz-fs-lg-14 brz-fss-lg-px brz-fw-lg-400 brz-ls-lg-0 brz-lh-lg-1_8 brz-css-dkVYd\" data-uniq-id=\"kugtk\" data-generated-css=\"brz-css-lmgjg\">f&egrave;ves pour en extraire le beurre int&eacute;rieur) tr&egrave;s long qui permet aux<\/p>\n<p class=\"brz-tp-lg-empty brz-ff-overpass brz-ft-google brz-fs-lg-14 brz-fss-lg-px brz-fw-lg-400 brz-ls-lg-0 brz-lh-lg-1_8 brz-css-w4Si7\" data-uniq-id=\"flbin\" data-generated-css=\"brz-css-nkebi\">f&egrave;ves d&rsquo;exprimer tout leur potentiel aromatique en lui donnant une<\/p>\n<p class=\"brz-tp-lg-empty brz-ff-overpass brz-ft-google brz-fs-lg-14 brz-fss-lg-px brz-fw-lg-400 brz-ls-lg-0 brz-lh-lg-1_8 brz-css-eZ8pD\" data-uniq-id=\"nukrm\" data-generated-css=\"brz-css-cwyox\">grande longueur en bouche.<\/p>\n<p class=\"brz-tp-lg-empty brz-ff-overpass brz-ft-google brz-fs-lg-14 brz-fss-lg-px brz-fw-lg-400 brz-ls-lg-0 brz-lh-lg-1_8 brz-css-xeZhv\" data-uniq-id=\"clsry\" data-generated-css=\"brz-css-xiloj\">C&rsquo;est un vrai voyage des saveurs. Une nouvelle passion que nous avons<\/p>\n<p class=\"brz-tp-lg-empty brz-ff-overpass brz-ft-google brz-fs-lg-14 brz-fss-lg-px brz-fw-lg-400 brz-ls-lg-0 brz-lh-lg-1_8 brz-css-xNs7g\" data-uniq-id=\"gjjvx\" data-generated-css=\"brz-css-jlaep\">h&acirc;te de partager avec vous.<\/p>\n<p class=\"brz-tp-lg-empty brz-ff-overpass brz-ft-google brz-fs-lg-14 brz-fss-lg-px brz-fw-lg-400 brz-ls-lg-0 brz-lh-lg-1_8 brz-css-i1z8c\" data-uniq-id=\"nelxb\" data-generated-css=\"brz-css-nvgru\">Merci &agrave; l&rsquo;Artiste Cecile le Gratiet pour la magnifique aquarelle de nos<\/p>\n<p class=\"brz-tp-lg-empty brz-ff-overpass brz-ft-google brz-fs-lg-14 brz-fss-lg-px brz-fw-lg-400 brz-ls-lg-0 brz-lh-lg-1_8 brz-css-fRWdf\" data-uniq-id=\"tjhlr\" data-generated-css=\"brz-css-nhfzm\">emballages et Corinne Maeght de nous avoir form&eacute; &agrave; l&rsquo;Art de la<\/p>\n<p class=\"brz-tp-lg-empty brz-ff-overpass brz-ft-google brz-fs-lg-14 brz-fss-lg-px brz-fw-lg-400 brz-ls-lg-0 brz-lh-lg-1_8 brz-css-uZb37\" data-uniq-id=\"qteub\" data-generated-css=\"brz-css-knueh\">transformation des f&egrave;ves de Cacao en Chocolat.<\/p>\n<\/div>\n<\/div>\n<\/div>\n<\/div>\n<\/div>\n<div class=\"brz-columns brz-css-vPouC brz-css-y1KVw\" data-brz-custom-id=\"vjtakzncuaryhjfuzykqdhzmazhkcljqucnk\">\n<div class=\"brz-bg\"><\/div>\n<div class=\"brz-column__items brz-css-uOsgQ\"><\/div>\n<\/div>\n<\/div>\n<\/div>\n<\/div>\n<\/div>\n<\/section>\n<\/div>\n<p><!-- version:1715931839 --><\/p>\n","protected":false},"excerpt":{"rendered":"<p>Tablette de 80g<\/p>\n<p>Dans cette recette le cacao a \u00e9t\u00e9 remplac\u00e9 par des grains de caf\u00e9 de Colombie. Avec du beurre de cacao et du sucre cela cr\u00e9er une tablette fondante est gourmande.<\/p>\n<p>Attention toute fois \u00e0 ne pas la manger en enti\u00e8re avant d&rsquo;aller se coucher car elle contient l&rsquo;\u00e9quivalent de 5 expressos.<\/p>\n","protected":false},"featured_media":2947,"comment_status":"open","ping_status":"closed","template":"brizy-blank-template.php","meta":[],"product_cat":[18],"product_tag":[],"_links":{"self":[{"href":"https:\/\/venfret.fr\/index.php\/wp-json\/wp\/v2\/product\/2944"}],"collection":[{"href":"https:\/\/venfret.fr\/index.php\/wp-json\/wp\/v2\/product"}],"about":[{"href":"https:\/\/venfret.fr\/index.php\/wp-json\/wp\/v2\/types\/product"}],"replies":[{"embeddable":true,"href":"https:\/\/venfret.fr\/index.php\/wp-json\/wp\/v2\/comments?post=2944"}],"wp:featuredmedia":[{"embeddable":true,"href":"https:\/\/venfret.fr\/index.php\/wp-json\/wp\/v2\/media\/2947"}],"wp:attachment":[{"href":"https:\/\/venfret.fr\/index.php\/wp-json\/wp\/v2\/media?parent=2944"}],"wp:term":[{"taxonomy":"product_cat","embeddable":true,"href":"https:\/\/venfret.fr\/index.php\/wp-json\/wp\/v2\/product_cat?post=2944"},{"taxonomy":"product_tag","embeddable":true,"href":"https:\/\/venfret.fr\/index.php\/wp-json\/wp\/v2\/product_tag?post=2944"}],"curies":[{"name":"wp","href":"https:\/\/api.w.org\/{rel}","templated":true}]}}