{"id":3422,"date":"2024-04-20T13:25:52","date_gmt":"2024-04-20T11:25:52","guid":{"rendered":"https:\/\/venfret.fr\/?post_type=product&#038;p=3422"},"modified":"2024-05-17T00:41:41","modified_gmt":"2024-05-16T22:41:41","slug":"cafe-las-lomitas-torrefie-a-la-rochelle","status":"publish","type":"product","link":"https:\/\/venfret.fr\/index.php\/produit\/cafe-las-lomitas-torrefie-a-la-rochelle\/","title":{"rendered":"Caf\u00e9 \u2013 Las Lomitas \u2013 Torr\u00e9fi\u00e9 \u00e0 La Rochelle"},"content":{"rendered":"<div class=\"brz-root__container brz-reset-all\">\n<section id=\"u1ieX5pdcqyC\" class=\"brz-section brz-css-kYJ4Z\">\n<div class=\"brz-section__content brz-section--boxed brz-css-zlTig brz-css-j45xO\" data-brz-custom-id=\"vQtdKTN_9RkX\">\n<div class=\"brz-container brz-css-o1ChU\">\n<div class=\"brz-row__container brz-css-bD_qf\" data-brz-custom-id=\"d4OO5lguVufL\">\n<div class=\"brz-bg\"><\/div>\n<div class=\"brz-row brz-css-zlhiQ brz-css-yLGGQ\">\n<div class=\"brz-columns brz-css-lir6U\" data-brz-custom-id=\"kmG28_Y19Smp\">\n<div class=\"brz-bg\"><\/div>\n<div class=\"brz-column__items brz-css-tz83V\">\n<div class=\"brz-row__container brz-css-bD_qf\" data-brz-custom-id=\"vFfHKyMJtsxU\">\n<div class=\"brz-bg\"><\/div>\n<div class=\"brz-row brz-row--inner brz-css-zlhiQ\">\n<div class=\"brz-columns brz-css-lir6U brz-css-ddTb8\" data-brz-custom-id=\"zSXPKLdvN1dO\">\n<div class=\"brz-bg\"><\/div>\n<div class=\"brz-column__items brz-css-tz83V\">\n<div id class=\"brz-css-s22n6 brz-wrapper\">\n<div class=\"brz-rich-text brz-rich-text__custom brz-css-eUApv\" data-brz-custom-id=\"a_0YjcVxA2Sn\">\n<div data-brz-translate-text=\"1\">\n<p data-uniq-id=\"gzwxa\" data-generated-css=\"brz-css-nwafa\" class=\"brz-tp-lg-empty brz-ff-raleway brz-ft-google brz-fs-lg-0 brz-fss-lg-px brz-fw-lg-400 brz-ls-lg-0 brz-lh-lg-1_8 brz-css-yRSvC\"><\/p>\n<\/div>\n<\/div>\n<\/div>\n<\/div>\n<\/div>\n<\/div>\n<\/div>\n<div class=\"brz-row__container brz-css-bD_qf\" data-brz-custom-id=\"ai0dUmyR7OP2\">\n<div class=\"brz-bg\"><\/div>\n<div class=\"brz-row brz-row--inner brz-css-zlhiQ brz-css-yLGGQ\">\n<div class=\"brz-columns brz-css-lir6U brz-css-xWcCD\" data-brz-custom-id=\"ky_gwGJmjCAA\">\n<div class=\"brz-bg\"><\/div>\n<div class=\"brz-column__items brz-css-tz83V\">\n<div id class=\"brz-css-s22n6 brz-wrapper\">\n<div class=\"brz-wp-title brz-css-l451u brz-css-lafXW\" data-brz-custom-id=\"gO6XNujmhSpH\"><span class=\"brz-wp-title-content\" style=\"min-height:20px\"><\/span><\/div>\n<\/div>\n<\/div>\n<\/div>\n<\/div>\n<\/div>\n<div class=\"brz-row__container brz-css-bD_qf\" data-brz-custom-id=\"kIZw7D_Kap4o\">\n<div class=\"brz-bg\"><\/div>\n<div class=\"brz-row brz-row--inner brz-css-zlhiQ brz-css-yLGGQ\">\n<div class=\"brz-columns brz-css-lir6U brz-css-gUGLW\" data-brz-custom-id=\"p7HFqWSKXVdT\">\n<div class=\"brz-bg\"><\/div>\n<div class=\"brz-column__items brz-css-tz83V\">\n<div id class=\"brz-css-s22n6 brz-wrapper\">\n<div class=\"brz-wooexcerpt brz-css-mN_Sx brz-css-ifqso\">\n<div style=\"min-height:20px\"><\/div>\n<\/div>\n<\/div>\n<\/div>\n<\/div>\n<\/div>\n<\/div>\n<div class=\"brz-row__container brz-css-bD_qf\" data-brz-custom-id=\"jdNt4NEVNcpX\">\n<div class=\"brz-bg\"><\/div>\n<div class=\"brz-row brz-row--inner brz-css-zlhiQ\">\n<div class=\"brz-columns brz-css-lir6U brz-css-ngO9S\" data-brz-custom-id=\"lBzQA36c6jyF\">\n<div class=\"brz-bg\"><\/div>\n<div class=\"brz-column__items brz-css-tz83V\">\n<div id class=\"brz-css-s22n6 brz-wrapper\">\n<div class=\"brz-woo-price brz-css-pK9_P brz-css-rCKup\" data-brz-custom-id=\"ayncniirnYVh\">\n<div style=\"min-height:20px\"><\/div>\n<\/div>\n<\/div>\n<\/div>\n<\/div>\n<div class=\"brz-columns brz-css-lir6U\" data-brz-custom-id=\"xaJgvpl9dCKu\">\n<div class=\"brz-bg\"><\/div>\n<div class=\"brz-column__items brz-css-tz83V\">\n<div id class=\"brz-css-s22n6 brz-wrapper\">\n<div class=\"brz-woo-add-to-cart brz-css-najLS brz-css-aDKmG\" data-brz-custom-id=\"iED6CgkKp40T\">\n<div style=\"min-height:20px\"><\/div>\n<\/div>\n<\/div>\n<\/div>\n<\/div>\n<\/div>\n<\/div>\n<div class=\"brz-row__container brz-css-bD_qf\" data-brz-custom-id=\"cvOUaafGXRL_\">\n<div class=\"brz-bg\"><\/div>\n<div class=\"brz-row brz-row--inner brz-css-zlhiQ\">\n<div class=\"brz-columns brz-css-lir6U\" data-brz-custom-id=\"lcnf4JKqIQ7_\">\n<div class=\"brz-bg\"><\/div>\n<div class=\"brz-column__items brz-css-tz83V\"><\/div>\n<\/div>\n<div class=\"brz-columns brz-css-lir6U\" data-brz-custom-id=\"iabN5w30dI_X\">\n<div class=\"brz-bg\"><\/div>\n<div class=\"brz-column__items brz-css-tz83V\"><\/div>\n<\/div>\n<\/div>\n<\/div>\n<\/div>\n<\/div>\n<div class=\"brz-columns brz-css-lir6U\" data-brz-custom-id=\"eNJcq6FoRvtH\">\n<div class=\"brz-bg\"><\/div>\n<div class=\"brz-column__items brz-css-tz83V\">\n<div id class=\"brz-css-s22n6 brz-wrapper\">\n<div class=\"brz-woo-gallery brz-woo-gallery__style-bottom brz-woo-gallery__thumbsTB-4 brz-css-aO3bk brz-css-vsx5v\" data-brz-custom-id=\"bOGYU99BS6_9\">\n<div style=\"min-height:20px\"><\/div>\n<\/div>\n<\/div>\n<\/div>\n<\/div>\n<\/div>\n<\/div>\n<\/div>\n<\/div>\n<\/section>\n<section id=\"vY80QP6d11WV\" class=\"brz-section brz-css-kYJ4Z\">\n<div class=\"brz-section__content brz-section--boxed brz-css-zlTig brz-css-o2I3h\" data-brz-custom-id=\"lHWKIBZx2nGu\">\n<div class=\"brz-container brz-css-o1ChU brz-css-ba117\">\n<div class=\"brz-row__container brz-css-bD_qf\" data-brz-custom-id=\"w12cTAx_8qGR\">\n<div class=\"brz-bg\"><\/div>\n<div class=\"brz-row brz-css-zlhiQ brz-css-yLGGQ\">\n<div class=\"brz-columns brz-css-lir6U brz-css-iWDNw\" data-brz-custom-id=\"rwEliXvv2O2p\">\n<div class=\"brz-bg\"><\/div>\n<div class=\"brz-column__items brz-css-tz83V brz-css-l5ktS\">\n<div id class=\"brz-css-s22n6 brz-wrapper\">\n<div class=\"brz-rich-text brz-rich-text__custom brz-css-eUApv\" data-brz-custom-id=\"f7abZ4YwnebQ\">\n<div data-brz-translate-text=\"1\">\n<h2 class=\"brz-lh-lg-1_5 brz-ls-lg-0_5 brz-fw-lg-700 brz-fss-lg-px brz-fs-lg-30 brz-ft-google brz-ff-overpass brz-tp-lg-empty brz-css-k3uIr\" data-generated-css=\"brz-css-od3Ve\" data-uniq-id=\"zhkEX\">Caf&eacute; de sp&eacute;cialit&eacute; \u00ab\u00a0Las Lomitas\u00a0\u00bb de Colombie &#8211; Pur arabica<\/h2>\n<\/div>\n<\/div>\n<\/div>\n<div id class=\"brz-css-s22n6 brz-css-rxskI brz-css-ht7yg brz-wrapper\">\n<div class=\"brz-spacer brz-css-wsLiq brz-css-ooDXo\"><\/div>\n<\/div>\n<div id class=\"brz-css-s22n6 brz-wrapper\">\n<div class=\"brz-rich-text brz-rich-text__custom brz-css-eUApv\" data-brz-custom-id=\"t0v9f7kqbqn2\">\n<div data-brz-translate-text=\"1\">\n<p data-uniq-id=\"aljnw\" data-generated-css=\"brz-css-iibkp\" class=\"brz-fss-lg-px brz-fw-lg-600 brz-ls-lg-0 brz-lh-lg-1_8 brz-tp-lg-empty brz-ff-overpass brz-ft-google brz-fs-lg-20 brz-css-arsQH\">Histoire <\/p>\n<\/div>\n<\/div>\n<\/div>\n<div id class=\"brz-css-s22n6 brz-wrapper\">\n<div class=\"brz-rich-text brz-rich-text__custom brz-css-eUApv\" data-brz-custom-id=\"hzqYJ8GAjF6V\">\n<div data-brz-translate-text=\"1\">\n<p class=\"brz-tp-lg-empty brz-ff-overpass brz-ft-google brz-fs-lg-14 brz-fss-lg-px brz-fw-lg-400 brz-ls-lg-0 brz-lh-lg-1_5 brz-text-lg-justify brz-css-tjSto\" data-generated-css=\"brz-css-o7qsF\" data-uniq-id=\"raotB\">La r&eacute;gion de La Vega &eacute;tait une zone de culture du caf&eacute; jusqu&rsquo;aux ann&eacute;es 1980, lorsque la &laquo; Roya &raquo; (un champignon qui attaque les feuilles du caf&eacute;ier) est arriv&eacute;e et a an&eacute;anti une grande partie des r&eacute;coltes. Malheureusement, les agriculteurs ont commenc&eacute; &agrave; voir dans l&rsquo;&eacute;levage du b&eacute;tail une opportunit&eacute; rentable. <\/p>\n<p class=\"brz-tp-lg-empty brz-ff-overpass brz-ft-google brz-fs-lg-14 brz-fss-lg-px brz-fw-lg-400 brz-ls-lg-0 brz-lh-lg-1_5 brz-text-lg-justify brz-css-vpDp1\" data-generated-css=\"brz-css-o7qsF\" data-uniq-id=\"raotB\">Depuis vingt ans, apr&egrave;s avoir d&eacute;couvert quelques vari&eacute;t&eacute;s r&eacute;sistantes &agrave; la &laquo; Roya &raquo;, le caf&eacute; est revenu comme moyen de subsistance pour de nombreuses familles de la r&eacute;gion.<\/p>\n<p class=\"brz-tp-lg-empty brz-ff-overpass brz-ft-google brz-fs-lg-14 brz-fss-lg-px brz-fw-lg-400 brz-ls-lg-0 brz-lh-lg-1_5 brz-text-lg-justify brz-css-x4Ekm\" data-generated-css=\"brz-css-sXSTJ\" data-uniq-id=\"xvWJR\">La ferme Las Lomitas est un exemple clair de ce ph&eacute;nom&egrave;ne. Apr&egrave;s de nombreuses ann&eacute;es, le caf&eacute; commence &agrave; remplacer les p&acirc;turages autrefois utilis&eacute;s pour l&rsquo;&eacute;levage du b&eacute;tail. <\/p>\n<p class=\"brz-tp-lg-empty brz-ff-overpass brz-ft-google brz-fs-lg-14 brz-fss-lg-px brz-fw-lg-400 brz-ls-lg-0 brz-lh-lg-1_5 brz-text-lg-justify brz-css-lhGKP\" data-generated-css=\"brz-css-sXSTJ\" data-uniq-id=\"xvWJR\">Dans cette ferme, deux micro parcelles ont &eacute;t&eacute; r&eacute;alis&eacute;s avec un total de 2200 caf&eacute;iers. Bien qu&rsquo;elle ne dispose pas de certifications, la culture de cette ferme est travaill&eacute;e selon la philosophie Demeter, qui consiste en l&rsquo;utilisation de pr&eacute;parations dites biodynamiques pour le traitement des sols et des plantes. <\/p>\n<p class=\"brz-tp-lg-empty brz-ff-overpass brz-ft-google brz-fs-lg-14 brz-fss-lg-px brz-fw-lg-400 brz-ls-lg-0 brz-lh-lg-1_5 brz-text-lg-justify brz-css-yeM30\" data-generated-css=\"brz-css-sXSTJ\" data-uniq-id=\"xvWJR\">&Eacute;tant donn&eacute; qu&rsquo;il s&rsquo;agit d&rsquo;une petite production, le caf&eacute; de la ferme Las Lomitas est vendu exclusivement &agrave; des clients qui valorisent la production biologique et respectent l&rsquo;environnement dans leurs pratiques.<\/p>\n<\/div>\n<\/div>\n<\/div>\n<\/div>\n<\/div>\n<div class=\"brz-columns brz-css-lir6U brz-css-oPd2C\" data-brz-custom-id=\"y3MBBo99xlBh\">\n<div class=\"brz-column__items brz-css-tz83V brz-css-hHwAH\">\n<div id class=\"brz-css-s22n6 brz-wrapper\">\n<div class=\"brz-rich-text brz-rich-text__custom brz-css-eUApv\" data-brz-custom-id=\"tW8p7o447ivg\">\n<div data-brz-translate-text=\"1\">\n<h4 class=\"brz-lh-lg-1_5 brz-ls-lg-0 brz-fw-lg-700 brz-fss-lg-px brz-fs-lg-14 brz-ft-google brz-ff-raleway brz-tp-lg-empty brz-css-i_lQB\" data-uniq-id=\"ffauo\" data-generated-css=\"brz-css-qfawl\"><\/h4>\n<\/div>\n<\/div>\n<\/div>\n<div class=\"brz-row__container brz-css-bD_qf\" data-brz-custom-id=\"rlbuhi7nQee8\">\n<div class=\"brz-bg\"><\/div>\n<div class=\"brz-row brz-row--inner brz-css-zlhiQ\">\n<div class=\"brz-columns brz-css-lir6U brz-css-ccyrw\" data-brz-custom-id=\"moUgFs9UPXNO\">\n<div class=\"brz-bg\"><\/div>\n<div class=\"brz-column__items brz-css-tz83V\">\n<div id class=\"brz-css-s22n6 brz-wrapper\">\n<div class=\"brz-rich-text brz-rich-text__custom brz-css-eUApv\" data-brz-custom-id=\"buC5fer4CnUq\">\n<div data-brz-translate-text=\"1\">\n<p data-uniq-id=\"fywef\" data-generated-css=\"brz-css-ktvtg\" class=\"brz-fss-lg-px brz-fw-lg-600 brz-ls-lg-0 brz-lh-lg-1_8 brz-tp-lg-empty brz-ff-overpass brz-ft-google brz-fs-lg-20 brz-css-pfWlO\">Producteur<\/p>\n<\/div>\n<\/div>\n<\/div>\n<\/div>\n<\/div>\n<div class=\"brz-columns brz-css-lir6U brz-css-er_zl\" data-brz-custom-id=\"pETXYMyWXi5a\">\n<div class=\"brz-bg\"><\/div>\n<div class=\"brz-column__items brz-css-tz83V\">\n<div id class=\"brz-css-s22n6 brz-wrapper\">\n<div class=\"brz-rich-text brz-rich-text__custom brz-css-eUApv\" data-brz-custom-id=\"yRaA2be7zQ1m\">\n<div data-brz-translate-text=\"1\">\n<p class=\"brz-tp-lg-empty brz-ff-overpass brz-ft-google brz-fs-lg-14 brz-fss-lg-px brz-fw-lg-400 brz-ls-lg-0 brz-lh-lg-1_8 brz-css-iJypg\" data-uniq-id=\"ic7RY\" data-generated-css=\"brz-css-l8RTM\">Juan Sebastien Mejia Villegas \/ Coop&eacute;rative Las Lomitas<\/p>\n<\/div>\n<\/div>\n<\/div>\n<\/div>\n<\/div>\n<\/div>\n<\/div>\n<div class=\"brz-row__container brz-css-bD_qf\" data-brz-custom-id=\"ycE1vFy8JCy1\">\n<div class=\"brz-bg\"><\/div>\n<div class=\"brz-row brz-row--inner brz-css-zlhiQ\">\n<div class=\"brz-columns brz-css-lir6U brz-css-hsRHh\" data-brz-custom-id=\"giOAzD2AUNTs\">\n<div class=\"brz-bg\"><\/div>\n<div class=\"brz-column__items brz-css-tz83V\">\n<div id class=\"brz-css-s22n6 brz-wrapper\">\n<div class=\"brz-rich-text brz-rich-text__custom brz-css-eUApv\" data-brz-custom-id=\"qEVMmMqOs9iJ\">\n<div data-brz-translate-text=\"1\">\n<p data-uniq-id=\"lnlnl\" data-generated-css=\"brz-css-gbrgr\" class=\"brz-ft-google brz-fs-lg-20 brz-fss-lg-px brz-fw-lg-600 brz-ls-lg-0 brz-lh-lg-1_8 brz-tp-lg-empty brz-ff-overpass brz-css-goNNh\">G&eacute;ographie <\/p>\n<\/div>\n<\/div>\n<\/div>\n<\/div>\n<\/div>\n<div class=\"brz-columns brz-css-lir6U brz-css-uHJpm\" data-brz-custom-id=\"sOsZQ8z0Z2R9\">\n<div class=\"brz-bg\"><\/div>\n<div class=\"brz-column__items brz-css-tz83V\">\n<div id class=\"brz-css-s22n6 brz-wrapper\">\n<div class=\"brz-rich-text brz-rich-text__custom brz-css-eUApv\" data-brz-custom-id=\"x1C6evDKAdrh\">\n<div data-brz-translate-text=\"1\">\n<p class=\"brz-lh-lg-1_8 brz-ls-lg-0 brz-fw-lg-400 brz-fss-lg-px brz-fs-lg-14 brz-ft-google brz-ff-overpass brz-tp-lg-empty brz-css-cCauL\" data-generated-css=\"brz-css-sWTQI\" data-uniq-id=\"xZypd\">Pays : Colombie<\/p>\n<p class=\"brz-lh-lg-1_8 brz-ls-lg-0 brz-fw-lg-400 brz-fss-lg-px brz-fs-lg-14 brz-ft-google brz-ff-overpass brz-tp-lg-empty brz-css-sPYvY\" data-generated-css=\"brz-css-xGyjT\" data-uniq-id=\"nJdVh\">D&eacute;partement : Cundinamarca<\/p>\n<p class=\"brz-lh-lg-1_8 brz-ls-lg-0 brz-fw-lg-400 brz-fss-lg-px brz-fs-lg-14 brz-ft-google brz-ff-overpass brz-tp-lg-empty brz-css-scjEW\" data-generated-css=\"brz-css-roLWR\" data-uniq-id=\"qsLpW\">Municipalit&eacute; : La Vega<\/p>\n<p class=\"brz-lh-lg-1_8 brz-ls-lg-0 brz-fw-lg-400 brz-fss-lg-px brz-fs-lg-14 brz-ft-google brz-ff-overpass brz-tp-lg-empty brz-css-xgVNY\" data-generated-css=\"brz-css-oDl8p\" data-uniq-id=\"ifb2n\">Altitude : 1200m &#8211; 1300m<\/p>\n<\/div>\n<\/div>\n<\/div>\n<\/div>\n<\/div>\n<\/div>\n<\/div>\n<div class=\"brz-row__container brz-css-bD_qf\" data-brz-custom-id=\"htht0DkkKAMD\">\n<div class=\"brz-bg\"><\/div>\n<div class=\"brz-row brz-row--inner brz-css-zlhiQ\">\n<div class=\"brz-columns brz-css-lir6U\" data-brz-custom-id=\"inlzyaYqog20\">\n<div class=\"brz-bg\"><\/div>\n<div class=\"brz-column__items brz-css-tz83V\">\n<div id class=\"brz-css-s22n6 brz-wrapper\">\n<div class=\"brz-rich-text brz-rich-text__custom brz-css-eUApv\" data-brz-custom-id=\"p12O3_wYwq3k\">\n<div data-brz-translate-text=\"1\">\n<p data-uniq-id=\"nqhwu\" data-generated-css=\"brz-css-nfntg\" class=\"brz-ls-lg-0 brz-lh-lg-1_8 brz-tp-lg-empty brz-ff-overpass brz-ft-google brz-fs-lg-20 brz-fss-lg-px brz-fw-lg-600 brz-css-wpM5d\">Vari&eacute;t&eacute;s <\/p>\n<\/div>\n<\/div>\n<\/div>\n<\/div>\n<\/div>\n<div class=\"brz-columns brz-css-lir6U\" data-brz-custom-id=\"lqB4OkCyElT8\">\n<div class=\"brz-bg\"><\/div>\n<div class=\"brz-column__items brz-css-tz83V\">\n<div id class=\"brz-css-s22n6 brz-wrapper\">\n<div class=\"brz-rich-text brz-rich-text__custom brz-css-eUApv\" data-brz-custom-id=\"r1eDqoXSIz4G\">\n<div data-brz-translate-text=\"1\">\n<p class=\"brz-lh-lg-1_8 brz-ls-lg-0 brz-fw-lg-400 brz-fss-lg-px brz-fs-lg-14 brz-ft-google brz-ff-overpass brz-tp-lg-empty brz-css-dJAM7\" data-generated-css=\"brz-css-u5sJ7\" data-uniq-id=\"swhur\">Castillo<\/p>\n<\/div>\n<\/div>\n<\/div>\n<\/div>\n<\/div>\n<\/div>\n<\/div>\n<div class=\"brz-row__container brz-css-bD_qf\" data-brz-custom-id=\"meMMZjh3K7za\">\n<div class=\"brz-bg\"><\/div>\n<div class=\"brz-row brz-row--inner brz-css-zlhiQ\">\n<div class=\"brz-columns brz-css-lir6U brz-css-j1R7Y\" data-brz-custom-id=\"n_GaKHS4t619\">\n<div class=\"brz-bg\"><\/div>\n<div class=\"brz-column__items brz-css-tz83V\">\n<div id class=\"brz-css-s22n6 brz-wrapper\">\n<div class=\"brz-rich-text brz-rich-text__custom brz-css-eUApv\" data-brz-custom-id=\"j24knmlTQenC\">\n<div data-brz-translate-text=\"1\">\n<p data-uniq-id=\"ehcmf\" data-generated-css=\"brz-css-yngcr\" class=\"brz-ls-lg-0 brz-lh-lg-1_8 brz-tp-lg-empty brz-ff-overpass brz-ft-google brz-fs-lg-20 brz-fss-lg-px brz-fw-lg-600 brz-css-l8R96\">Info technique <\/p>\n<\/div>\n<\/div>\n<\/div>\n<\/div>\n<\/div>\n<div class=\"brz-columns brz-css-lir6U brz-css-pdqmu\" data-brz-custom-id=\"r8R9Cku5XcFc\">\n<div class=\"brz-bg\"><\/div>\n<div class=\"brz-column__items brz-css-tz83V\">\n<div id class=\"brz-css-s22n6 brz-wrapper\">\n<div class=\"brz-rich-text brz-rich-text__custom brz-css-eUApv\" data-brz-custom-id=\"tAzpjA3s5Ruh\">\n<div data-brz-translate-text=\"1\">\n<p class=\"brz-lh-lg-1_3 brz-ls-lg-0 brz-fw-lg-400 brz-fss-lg-px brz-fs-lg-14 brz-ft-google brz-ff-overpass brz-tp-lg-empty brz-css-fFlUh\" data-uniq-id=\"o9TLk\" data-generated-css=\"brz-css-jDwsb\">Process : Caf&eacute; Lav&eacute; \/ s&eacute;chage au soleil<\/p>\n<p class=\"brz-lh-lg-1_3 brz-ls-lg-0 brz-fw-lg-400 brz-fss-lg-px brz-fs-lg-14 brz-ft-google brz-ff-overpass brz-tp-lg-empty brz-css-jzgdD\" data-uniq-id=\"ii274\" data-generated-css=\"brz-css-iNEGJ\"><\/p>\n<p class=\"brz-lh-lg-1_3 brz-ls-lg-0 brz-fw-lg-400 brz-fss-lg-px brz-fs-lg-14 brz-ft-google brz-ff-overpass brz-tp-lg-empty brz-css-d6pIw\" data-uniq-id=\"hm0X4\" data-generated-css=\"brz-css-gOeGW\">Note SCA : 84 \/ 100<\/p>\n<p data-generated-css=\"brz-css-l0X6u\" data-uniq-id=\"y76xA\" class=\"brz-css-lkm_4\"><\/p>\n<\/div>\n<\/div>\n<\/div>\n<\/div>\n<\/div>\n<\/div>\n<\/div>\n<\/div>\n<\/div>\n<\/div>\n<\/div>\n<\/div>\n<\/div>\n<\/section>\n<\/div>\n<p><!-- version:1715899301 --><\/p>\n","protected":false},"excerpt":{"rendered":"<p>Caf\u00e9 en grain ou moulu sur demande. <strong>Indiquez en commentaire lors de votre commande<\/strong> si le caf\u00e9 doit \u00eatre moulu et quel type de cafeti\u00e8re vous utilisez (Filtre, italienne, percolateur, poussoir) pour vous fournir une mouture adapt\u00e9e \u00e0 votre cafeti\u00e8re. Disponible en 250g, 500g ou 1kg et plus.<\/p>\n<p>Ramenez votre contenant lors de la distribution ou bien nous fournirons un sac en papier.<br \/>\nPour une meilleure conservation, nous vous conseillons un bocal en verre ferm\u00e9 que vous laisserez \u00e0 l\u2019abri de la lumi\u00e8re et des variations de temp\u00e9rature.<\/p>\n","protected":false},"featured_media":3360,"comment_status":"open","ping_status":"closed","template":"brizy-blank-template.php","meta":[],"product_cat":[18],"product_tag":[],"_links":{"self":[{"href":"https:\/\/venfret.fr\/index.php\/wp-json\/wp\/v2\/product\/3422"}],"collection":[{"href":"https:\/\/venfret.fr\/index.php\/wp-json\/wp\/v2\/product"}],"about":[{"href":"https:\/\/venfret.fr\/index.php\/wp-json\/wp\/v2\/types\/product"}],"replies":[{"embeddable":true,"href":"https:\/\/venfret.fr\/index.php\/wp-json\/wp\/v2\/comments?post=3422"}],"wp:featuredmedia":[{"embeddable":true,"href":"https:\/\/venfret.fr\/index.php\/wp-json\/wp\/v2\/media\/3360"}],"wp:attachment":[{"href":"https:\/\/venfret.fr\/index.php\/wp-json\/wp\/v2\/media?parent=3422"}],"wp:term":[{"taxonomy":"product_cat","embeddable":true,"href":"https:\/\/venfret.fr\/index.php\/wp-json\/wp\/v2\/product_cat?post=3422"},{"taxonomy":"product_tag","embeddable":true,"href":"https:\/\/venfret.fr\/index.php\/wp-json\/wp\/v2\/product_tag?post=3422"}],"curies":[{"name":"wp","href":"https:\/\/api.w.org\/{rel}","templated":true}]}}