{"id":654,"date":"2023-05-24T18:26:26","date_gmt":"2023-05-24T16:26:26","guid":{"rendered":"http:\/\/venfret.fr\/?post_type=product&#038;p=654"},"modified":"2024-05-17T13:27:26","modified_gmt":"2024-05-17T11:27:26","slug":"caixeiro-olives-a-lhuile-extra-vierge-et-a-lail","status":"publish","type":"product","link":"https:\/\/venfret.fr\/index.php\/produit\/caixeiro-olives-a-lhuile-extra-vierge-et-a-lail\/","title":{"rendered":"Caixeiro \u2013 Olives \u00e0 l&rsquo;huile extra vierge et \u00e0 l&rsquo;ail"},"content":{"rendered":"<div class=\"brz-root__container brz-reset-all\">\n<section id=\"oknooqkpwatdpciidetxmskxykegyjaqcrtt\" class=\"brz-section brz-css-cINNZ\">\n<div class=\"brz-section__content brz-section--boxed brz-css-i8xF7 brz-css-jkVfg\" data-brz-custom-id=\"cgohdvmowolmacduzrujjumwevrxnuecxldd\">\n<div class=\"brz-container brz-css-ejEj0\">\n<div id class=\"brz-css-nsBKj brz-css-apnlx brz-wrapper\">\n<div id=\"esyteyiuscoevbgdtrzormhcukxiypmaypiv\" class=\"brz-woocart__wrapper brz-woocart__parent brz-woocart--bubble brz-css-qf_hb brz-css-w6fmz\" data-brz-custom-id=\"esyteyiuscoevbgdtrzormhcukxiypmaypiv\">\n<div class=\"brz-woocart__background\"><\/div>\n<div class=\"brz-woocart__dc\" style=\"min-height:20px\"><\/div>\n<\/div>\n<\/div>\n<div id class=\"brz-css-nsBKj brz-css-pfPA7 brz-wrapper\">\n<div class=\"brz-spacer brz-css-h03RI\"><\/div>\n<\/div>\n<div class=\"brz-wrapper-clone brz-css-vR7dj\">\n<div class=\"brz-d-xs-flex brz-flex-xs-wrap brz-css-h_mNl brz-css-uB4u9\">\n<div class=\"brz-wrapper-clone__item\" id=\"wkdjzuapktwlhgxnxhzcdcncrdsscinkgypc\"><a class=\"brz-a brz-btn brz-css-sTWrY brz-css-aDjxw\" href=\"%7B@brizy_SITE_URL_PLACEHOLDER@%7D\/index.php\/boutique-pre-commande\/\" target=\"_self\" rel=\"noopener\" data-brz-link-type=\"external\" data-brz-custom-id=\"wkdjzuapktwlhgxnxhzcdcncrdsscinkgypc\"><span data-brz-translate-text=\"1\" class=\"brz-span brz-text__editor\">Retour<\/span><\/a><\/div>\n<\/div>\n<\/div>\n<div class=\"brz-row__container brz-css-y4wl1\" data-brz-custom-id=\"ghukhtnjmkabehnoizpifekjjpldcyyozoyd\">\n<div class=\"brz-bg\"><\/div>\n<div class=\"brz-row brz-css-pRIhI brz-css-n48v_\">\n<div class=\"brz-columns brz-css-lmbSk\" data-brz-custom-id=\"ieqkzaskvouhyvorhyrdrlxtkaykjlmmrwgq\">\n<div class=\"brz-bg\"><\/div>\n<div class=\"brz-column__items brz-css-rw0vB\">\n<div class=\"brz-row__container brz-css-y4wl1\" data-brz-custom-id=\"fekcssmfltprluoizmsvajvjyeextecdjpld\">\n<div class=\"brz-bg\"><\/div>\n<div class=\"brz-row brz-row--inner brz-css-pRIhI\">\n<div class=\"brz-columns brz-css-lmbSk brz-css-rFClX\" data-brz-custom-id=\"ipqdtxkrqgzilxofujwfxljsbipvregvpiks\">\n<div class=\"brz-bg\"><\/div>\n<div class=\"brz-column__items brz-css-rw0vB\">\n<div id class=\"brz-css-nsBKj brz-wrapper\">\n<div class=\"brz-rich-text brz-rich-text__custom brz-css-j4Ubl\" data-brz-custom-id=\"kkwmtdnknkowvsynvsvoxgrioikbptmfherz\">\n<div data-brz-translate-text=\"1\">\n<p data-uniq-id=\"gzwxa\" data-generated-css=\"brz-css-nwafa\" class=\"brz-tp-lg-empty brz-ff-raleway brz-ft-google brz-fs-lg-0 brz-fss-lg-px brz-fw-lg-400 brz-ls-lg-0 brz-lh-lg-1_8 brz-css-x_9eG\"><\/p>\n<\/div>\n<\/div>\n<\/div>\n<\/div>\n<\/div>\n<\/div>\n<\/div>\n<div class=\"brz-row__container brz-css-y4wl1\" data-brz-custom-id=\"kwgezwswlohgppchrxsspvligjkyzklfuanq\">\n<div class=\"brz-bg\"><\/div>\n<div class=\"brz-row brz-row--inner brz-css-pRIhI brz-css-n48v_\">\n<div class=\"brz-columns brz-css-lmbSk brz-css-bAIZf\" data-brz-custom-id=\"qeduzejkbcrmuyjjthxpcqcmvktizglitdyd\">\n<div class=\"brz-bg\"><\/div>\n<div class=\"brz-column__items brz-css-rw0vB\">\n<div id class=\"brz-css-nsBKj brz-wrapper\">\n<div class=\"brz-wp-title brz-css-idQCD brz-css-sGYR_\" data-brz-custom-id=\"sdysgcvbxgrntursvkgmpwbrvcoxpghirldd\"><span class=\"brz-wp-title-content\" style=\"min-height:20px\"><\/span><\/div>\n<\/div>\n<\/div>\n<\/div>\n<\/div>\n<\/div>\n<div class=\"brz-row__container brz-css-y4wl1\" data-brz-custom-id=\"yzkdcdnpqtqtychllovnddhojnixybipnqjz\">\n<div class=\"brz-bg\"><\/div>\n<div class=\"brz-row brz-row--inner brz-css-pRIhI brz-css-n48v_\">\n<div class=\"brz-columns brz-css-lmbSk brz-css-rFn1d\" data-brz-custom-id=\"leuovnigekercvqlgjeyoxzzpceaubmtgmaa\">\n<div class=\"brz-bg\"><\/div>\n<div class=\"brz-column__items brz-css-rw0vB\">\n<div id class=\"brz-css-nsBKj brz-wrapper\">\n<div class=\"brz-wooexcerpt brz-css-gHpco brz-css-b638m\">\n<div style=\"min-height:20px\"><\/div>\n<\/div>\n<\/div>\n<\/div>\n<\/div>\n<\/div>\n<\/div>\n<div class=\"brz-row__container brz-css-y4wl1\" data-brz-custom-id=\"yasufcjirothpoywgdaeagrxbjvmmbvhcnou\">\n<div class=\"brz-bg\"><\/div>\n<div class=\"brz-row brz-row--inner brz-css-pRIhI\">\n<div class=\"brz-columns brz-css-lmbSk brz-css-wveUP\" data-brz-custom-id=\"bnqvqgpzbdfcmddltczmchfdkffipkprcpgd\">\n<div class=\"brz-bg\"><\/div>\n<div class=\"brz-column__items brz-css-rw0vB\">\n<div id class=\"brz-css-nsBKj brz-wrapper\">\n<div class=\"brz-woo-price brz-css-anh9l brz-css-mivcx\" data-brz-custom-id=\"nkbwrccgzlhxctqebunacuaoaznzupudtwkt\">\n<div style=\"min-height:20px\"><\/div>\n<\/div>\n<\/div>\n<\/div>\n<\/div>\n<div class=\"brz-columns brz-css-lmbSk\" data-brz-custom-id=\"gpmsvchrvjzemihvjijraodmnvqapjquiifm\">\n<div class=\"brz-bg\"><\/div>\n<div class=\"brz-column__items brz-css-rw0vB\">\n<div id class=\"brz-css-nsBKj brz-wrapper\">\n<div class=\"brz-woo-add-to-cart brz-css-r5wfX brz-css-czkKc\" data-brz-custom-id=\"udiglwhaqqruwjvmqlbjjwwofhutjuwjtvtz\">\n<div style=\"min-height:20px\"><\/div>\n<\/div>\n<\/div>\n<\/div>\n<\/div>\n<\/div>\n<\/div>\n<div class=\"brz-row__container brz-css-y4wl1\" data-brz-custom-id=\"ncyimuxccekftssqanycdpwjddvetsgvbuwv\">\n<div class=\"brz-bg\"><\/div>\n<div class=\"brz-row brz-row--inner brz-css-pRIhI\">\n<div class=\"brz-columns brz-css-lmbSk\" data-brz-custom-id=\"jezsudfjsjimnhpekatczimshmrzzwqqtivd\">\n<div class=\"brz-bg\"><\/div>\n<div class=\"brz-column__items brz-css-rw0vB\"><\/div>\n<\/div>\n<div class=\"brz-columns brz-css-lmbSk\" data-brz-custom-id=\"pxyzhasvkczneiuwwaguhmepaikedeizsewp\">\n<div class=\"brz-bg\"><\/div>\n<div class=\"brz-column__items brz-css-rw0vB\"><\/div>\n<\/div>\n<\/div>\n<\/div>\n<\/div>\n<\/div>\n<div class=\"brz-columns brz-css-lmbSk\" data-brz-custom-id=\"threocgdcrhcuoymfrskyeohslmufidoewsv\">\n<div class=\"brz-bg\"><\/div>\n<div class=\"brz-column__items brz-css-rw0vB\">\n<div id class=\"brz-css-nsBKj brz-wrapper\">\n<div class=\"brz-woo-gallery brz-woo-gallery__style-bottom brz-woo-gallery__thumbsTB-4 brz-css-sl6WN brz-css-d5Y5_\" data-brz-custom-id=\"yroteqanpsvoieysqrpajmwswrjwhtxivzxp\">\n<div style=\"min-height:20px\"><\/div>\n<\/div>\n<\/div>\n<\/div>\n<\/div>\n<\/div>\n<\/div>\n<\/div>\n<\/div>\n<\/section>\n<section id=\"alxjfhqiadfoebxirkxqgdtsvpcupyczsmxm\" class=\"brz-section brz-css-cINNZ\">\n<div class=\"brz-section__content brz-section--boxed brz-css-i8xF7 brz-css-cRElZ\" data-brz-custom-id=\"jtxacaktjyvmirbdphzqmfetiuxphoxvidth\">\n<div class=\"brz-container brz-css-ejEj0 brz-css-rtfjj\">\n<div class=\"brz-row__container brz-css-y4wl1\" data-brz-custom-id=\"mhjauzsmbibmfkrvmmpswaryowjljqxqlkwg\">\n<div class=\"brz-bg\"><\/div>\n<div class=\"brz-row brz-css-pRIhI brz-css-n48v_\">\n<div class=\"brz-columns brz-css-lmbSk brz-css-yfa9w\" data-brz-custom-id=\"twpdpubtcbaxxxxtzcatxlxskwhhmrmubmkj\">\n<div class=\"brz-bg\"><\/div>\n<div class=\"brz-column__items brz-css-rw0vB brz-css-w9pL9\">\n<div id class=\"brz-css-nsBKj brz-wrapper\">\n<div class=\"brz-rich-text brz-rich-text__custom brz-css-j4Ubl\" data-brz-custom-id=\"lnkmooajltqrtniyhfdrjcddktmbaqzrdatq\">\n<div data-brz-translate-text=\"1\">\n<h2 class=\"brz-tp-lg-empty brz-ff-overpass brz-ft-google brz-fs-lg-30 brz-fss-lg-px brz-fw-lg-700 brz-ls-lg-0_5 brz-lh-lg-1_5 brz-css-ctCjf\" data-uniq-id=\"okkyc\" data-generated-css=\"brz-css-tsdps\">Olive &agrave; l&rsquo;huile et &agrave; l&rsquo;ail Caixeiro <\/h2>\n<\/div>\n<\/div>\n<\/div>\n<div id class=\"brz-css-nsBKj brz-css-pfPA7 brz-css-wVVZ1 brz-wrapper\">\n<div class=\"brz-spacer brz-css-h03RI brz-css-jd0Ij\"><\/div>\n<\/div>\n<div id class=\"brz-css-nsBKj brz-wrapper\">\n<div class=\"brz-rich-text brz-rich-text__custom brz-css-j4Ubl\" data-brz-custom-id=\"zahyiiqmlcmbbzmpxwgpeavqwmsbliqhkgsa\">\n<div data-brz-translate-text=\"1\">\n<p data-uniq-id=\"aljnw\" data-generated-css=\"brz-css-iibkp\" class=\"brz-fss-lg-px brz-fw-lg-600 brz-ls-lg-0 brz-lh-lg-1_8 brz-tp-lg-empty brz-ff-overpass brz-ft-google brz-fs-lg-20 brz-css-lNr5N\">Histoire <\/p>\n<\/div>\n<\/div>\n<\/div>\n<div id class=\"brz-css-nsBKj brz-wrapper\">\n<div class=\"brz-rich-text brz-rich-text__custom brz-css-j4Ubl\" data-brz-custom-id=\"wievxdtrnvqkxafyrmholiafoigykpgpscfe\">\n<div data-brz-translate-text=\"1\">\n<p data-uniq-id=\"xfaay\" data-generated-css=\"brz-css-pqhfl\" class=\"brz-css-uKvSp\">Edgar et <span style=\"background-color: transparent\">Andr&eacute;, amis d&rsquo;enfance, ont repris les terres familiales pour continuer de perp&eacute;tuer le savoir faire agricole portugais. Sur 70 petites parcelles de 1 hectare environ, ils cultivent diff&eacute;rents arbres fruitiers, principalement des oliviers mais &eacute;galement des amandiers et ch&acirc;taigniers.&nbsp;<\/span><\/p>\n<p data-uniq-id=\"zatqk\" data-generated-css=\"brz-css-nbkxb\" class=\"brz-css-eF2zD\"><span style=\"background-color: transparent\">Leurs terres se situent dans la r&eacute;gion de Tras os Montes au nord-est du Portugal et appartiennent &agrave; leurs familles depuis 1926.<\/span><\/p>\n<p data-uniq-id=\"vsgnb\" data-generated-css=\"brz-css-xldix\" class=\"brz-css-fDcpq\"><span style=\"background-color: transparent\">&nbsp;La g&eacute;ographie de cette r&eacute;gion est particuli&egrave;rement int&eacute;ressante pour l&rsquo;arboriculture car elle se situe &agrave; la jonction entre le climat chaud au sud et le froid des montagnes au nord.&nbsp;<\/span><\/p>\n<p data-uniq-id=\"nyzfm\" data-generated-css=\"brz-css-gnwsw\" class=\"brz-css-kktia\"><span style=\"background-color: transparent\">La majeure partie de leurs terres sont certifi&eacute;es agriculture biologique.<\/span><\/p>\n<p class=\"brz-tp-lg-paragraph brz-css-qXw09\" data-generated-css=\"brz-css-xufux\" data-uniq-id=\"taass\"><\/p>\n<\/div>\n<\/div>\n<\/div>\n<\/div>\n<\/div>\n<div class=\"brz-columns brz-css-lmbSk brz-css-m1d5_\" data-brz-custom-id=\"bkffdpjghwoukiqrvymjztdbhyepfprvylgv\">\n<div class=\"brz-column__items brz-css-rw0vB brz-css-yPpbH\">\n<div id class=\"brz-css-nsBKj brz-wrapper\">\n<div class=\"brz-rich-text brz-rich-text__custom brz-css-j4Ubl\" data-brz-custom-id=\"wnvdsrfdguzobxdxqkzkepubzpwnmaxzhdzp\">\n<div data-brz-translate-text=\"1\">\n<h4 class=\"brz-lh-lg-1_5 brz-ls-lg-0 brz-fw-lg-700 brz-fss-lg-px brz-fs-lg-14 brz-ft-google brz-ff-raleway brz-tp-lg-empty brz-css-mM8QS\" data-uniq-id=\"ffauo\" data-generated-css=\"brz-css-qfawl\"><\/h4>\n<\/div>\n<\/div>\n<\/div>\n<div class=\"brz-row__container brz-css-y4wl1\" data-brz-custom-id=\"yvnppjkkayvmmrgdxeavjvqmgcsdbmhpqjrr\">\n<div class=\"brz-bg\"><\/div>\n<div class=\"brz-row brz-row--inner brz-css-pRIhI\">\n<div class=\"brz-columns brz-css-lmbSk brz-css-krOmL\" data-brz-custom-id=\"xwfykxwbwuhgfltjnapigjecqaupmlfnuotf\">\n<div class=\"brz-bg\"><\/div>\n<div class=\"brz-column__items brz-css-rw0vB\">\n<div id class=\"brz-css-nsBKj brz-wrapper\">\n<div class=\"brz-rich-text brz-rich-text__custom brz-css-j4Ubl\" data-brz-custom-id=\"brppicxkpembitntpzldvwtwsdyiwadelhkn\">\n<div data-brz-translate-text=\"1\">\n<p data-uniq-id=\"fywef\" data-generated-css=\"brz-css-ktvtg\" class=\"brz-fss-lg-px brz-fw-lg-600 brz-ls-lg-0 brz-lh-lg-1_8 brz-tp-lg-empty brz-ff-overpass brz-ft-google brz-fs-lg-20 brz-css-uGnBT\">Producteur<\/p>\n<\/div>\n<\/div>\n<\/div>\n<\/div>\n<\/div>\n<div class=\"brz-columns brz-css-lmbSk brz-css-alXCK\" data-brz-custom-id=\"qpwgirjjadaikycaeyxequkvkolnjewukaug\">\n<div class=\"brz-bg\"><\/div>\n<div class=\"brz-column__items brz-css-rw0vB\">\n<div id class=\"brz-css-nsBKj brz-wrapper\">\n<div class=\"brz-rich-text brz-rich-text__custom brz-css-j4Ubl\" data-brz-custom-id=\"yolbpualozthpqerayzyobusludkoitjpnrk\">\n<div data-brz-translate-text=\"1\">\n<p class=\"brz-lh-lg-1_8 brz-ls-lg-0 brz-fw-lg-400 brz-fss-lg-px brz-fs-lg-14 brz-ft-google brz-ff-overpass brz-tp-lg-empty brz-css-gf_1X\" data-generated-css=\"brz-css-greaj\" data-uniq-id=\"jbtae\">Edgar et Andr&eacute;<\/p>\n<\/div>\n<\/div>\n<\/div>\n<\/div>\n<\/div>\n<\/div>\n<\/div>\n<div class=\"brz-row__container brz-css-y4wl1\" data-brz-custom-id=\"fgqxmpozikjebgpqtvzcgwuayrwtumbnazvm\">\n<div class=\"brz-bg\"><\/div>\n<div class=\"brz-row brz-row--inner brz-css-pRIhI\">\n<div class=\"brz-columns brz-css-lmbSk brz-css-p1HSG\" data-brz-custom-id=\"hsmxfhqieeuwwrgntlisfufwunfwqekbvrvo\">\n<div class=\"brz-bg\"><\/div>\n<div class=\"brz-column__items brz-css-rw0vB\">\n<div id class=\"brz-css-nsBKj brz-wrapper\">\n<div class=\"brz-rich-text brz-rich-text__custom brz-css-j4Ubl\" data-brz-custom-id=\"umuukgyfokbditighiresveiwpyhqcikusfr\">\n<div data-brz-translate-text=\"1\">\n<p data-uniq-id=\"lnlnl\" data-generated-css=\"brz-css-gbrgr\" class=\"brz-ft-google brz-fs-lg-20 brz-fss-lg-px brz-fw-lg-600 brz-ls-lg-0 brz-lh-lg-1_8 brz-tp-lg-empty brz-ff-overpass brz-css-ajD6p\">G&eacute;ographie <\/p>\n<\/div>\n<\/div>\n<\/div>\n<\/div>\n<\/div>\n<div class=\"brz-columns brz-css-lmbSk brz-css-aggDR\" data-brz-custom-id=\"invqkggewzpztedcnsknuaeuzrlbsbpbudmf\">\n<div class=\"brz-bg\"><\/div>\n<div class=\"brz-column__items brz-css-rw0vB\">\n<div id class=\"brz-css-nsBKj brz-wrapper\">\n<div class=\"brz-rich-text brz-rich-text__custom brz-css-j4Ubl\" data-brz-custom-id=\"xtttrfkbqloeznvbexznqtcbzhotkzkypllq\">\n<div data-brz-translate-text=\"1\">\n<p class=\"brz-lh-lg-1_8 brz-ls-lg-0 brz-fw-lg-400 brz-fss-lg-px brz-fs-lg-14 brz-ft-google brz-ff-overpass brz-tp-lg-empty brz-css-lbZto\" data-generated-css=\"brz-css-inazv\" data-uniq-id=\"zgwxy\">Pays : Portugal<\/p>\n<p class=\"brz-lh-lg-1_8 brz-ls-lg-0 brz-fw-lg-400 brz-fss-lg-px brz-fs-lg-14 brz-ft-google brz-ff-overpass brz-tp-lg-empty brz-css-gjFz4\" data-generated-css=\"brz-css-ummlf\" data-uniq-id=\"nvgku\">R&eacute;gion : Tras os Montes<\/p>\n<p class=\"brz-lh-lg-1_8 brz-ls-lg-0 brz-fw-lg-400 brz-fss-lg-px brz-fs-lg-14 brz-ft-google brz-ff-overpass brz-tp-lg-empty brz-css-cZnGR\" data-generated-css=\"brz-css-nreqv\" data-uniq-id=\"laprq\"><\/p>\n<\/div>\n<\/div>\n<\/div>\n<\/div>\n<\/div>\n<\/div>\n<\/div>\n<div class=\"brz-row__container brz-css-y4wl1\" data-brz-custom-id=\"rxbrikgjglkthgwfgzphqoyvxavxdvexcugp\">\n<div class=\"brz-bg\"><\/div>\n<div class=\"brz-row brz-row--inner brz-css-pRIhI\">\n<div class=\"brz-columns brz-css-lmbSk brz-css-ntMTQ\" data-brz-custom-id=\"birzbwymobfgsksktdiykdipzhikjqfoamws\">\n<div class=\"brz-bg\"><\/div>\n<div class=\"brz-column__items brz-css-rw0vB\">\n<div id class=\"brz-css-nsBKj brz-wrapper\">\n<div class=\"brz-rich-text brz-rich-text__custom brz-css-j4Ubl\" data-brz-custom-id=\"rzcwdivmvfnfowjxvvankgrowelpqebzhlab\">\n<div data-brz-translate-text=\"1\">\n<p data-uniq-id=\"nqhwu\" data-generated-css=\"brz-css-nfntg\" class=\"brz-ls-lg-0 brz-lh-lg-1_8 brz-tp-lg-empty brz-ff-overpass brz-ft-google brz-fs-lg-20 brz-fss-lg-px brz-fw-lg-600 brz-css-vVqcW\">Vari&eacute;t&eacute;s <\/p>\n<\/div>\n<\/div>\n<\/div>\n<\/div>\n<\/div>\n<div class=\"brz-columns brz-css-lmbSk brz-css-kFeA3\" data-brz-custom-id=\"qzcmlxrzmyyrdzxouxhwxuqhcnpvtheofpxq\">\n<div class=\"brz-bg\"><\/div>\n<div class=\"brz-column__items brz-css-rw0vB\">\n<div id class=\"brz-css-nsBKj brz-wrapper\">\n<div class=\"brz-rich-text brz-rich-text__custom brz-css-j4Ubl\" data-brz-custom-id=\"gexeiyqdolhycmynszlldsxryyapkqzgggsx\">\n<div data-brz-translate-text=\"1\">\n<p class=\"brz-tp-lg-empty brz-ff-overpass brz-ft-google brz-fs-lg-14 brz-fss-lg-px brz-fw-lg-400 brz-ls-lg-0 brz-lh-lg-1_8 brz-css-idXrH\" data-uniq-id=\"chfgk\" data-generated-css=\"brz-css-lixha\">100 % Cobran&ccedil;osa <\/p>\n<\/div>\n<\/div>\n<\/div>\n<\/div>\n<\/div>\n<\/div>\n<\/div>\n<div class=\"brz-row__container brz-css-y4wl1\" data-brz-custom-id=\"hsoxveblcifzpwapguiwwkavrktitqxxjwkf\">\n<div class=\"brz-bg\"><\/div>\n<div class=\"brz-row brz-row--inner brz-css-pRIhI\">\n<div class=\"brz-columns brz-css-lmbSk brz-css-p7u6N\" data-brz-custom-id=\"roqwphgxlpgrpzgeqocgdisyqvknuvecsebn\">\n<div class=\"brz-bg\"><\/div>\n<div class=\"brz-column__items brz-css-rw0vB\">\n<div id class=\"brz-css-nsBKj brz-wrapper\">\n<div class=\"brz-rich-text brz-rich-text__custom brz-css-j4Ubl\" data-brz-custom-id=\"urzrtcezzeqbvflcqlhmnjislxhjvwwucevx\">\n<div data-brz-translate-text=\"1\">\n<p data-uniq-id=\"ehcmf\" data-generated-css=\"brz-css-yngcr\" class=\"brz-ls-lg-0 brz-lh-lg-1_8 brz-tp-lg-empty brz-ff-overpass brz-ft-google brz-fs-lg-20 brz-fss-lg-px brz-fw-lg-600 brz-css-dooKU\">Info technique <\/p>\n<\/div>\n<\/div>\n<\/div>\n<\/div>\n<\/div>\n<div class=\"brz-columns brz-css-lmbSk brz-css-cNpEU\" data-brz-custom-id=\"mguvdepkiraqrpkjxkzanpcujejrxufqtvit\">\n<div class=\"brz-bg\"><\/div>\n<div class=\"brz-column__items brz-css-rw0vB\">\n<div id class=\"brz-css-nsBKj brz-wrapper\">\n<div class=\"brz-rich-text brz-rich-text__custom brz-css-j4Ubl\" data-brz-custom-id=\"ipmlfhpgoycvllkoidelhkwbpwyhtxlstwzw\">\n<div data-brz-translate-text=\"1\">\n<p class=\"brz-tp-lg-empty brz-ff-overpass brz-ft-google brz-fs-lg-14 brz-fss-lg-px brz-fw-lg-400 brz-ls-lg-0 brz-lh-lg-1_3 brz-css-w9U_w\" data-uniq-id=\"nrisc\" data-generated-css=\"brz-css-ngiox\">Certification : Agriculture biologique<\/p>\n<p class=\"brz-lh-lg-1_3 brz-ls-lg-0 brz-fw-lg-400 brz-fss-lg-px brz-fs-lg-14 brz-ft-google brz-ff-lato brz-tp-lg-empty brz-css-xBp8k\" data-uniq-id=\"lbbas\" data-generated-css=\"brz-css-alshz\"><\/p>\n<p data-uniq-id=\"hyfmd\" data-generated-css=\"brz-css-nzhfq\" class=\"brz-css-iVOSn\"><\/p>\n<\/div>\n<\/div>\n<\/div>\n<\/div>\n<\/div>\n<\/div>\n<\/div>\n<\/div>\n<\/div>\n<\/div>\n<\/div>\n<\/div>\n<\/div>\n<\/section>\n<\/div>\n<p><!-- version:1715945246 --><\/p>\n","protected":false},"excerpt":{"rendered":"<p>Pot de 170 g<\/p>\n<p>Certifi\u00e9es biologiques.<\/p>\n<p>Les olives sont pr\u00e9par\u00e9es selon un recette traditionnelle \u00e0 l&rsquo;ail avec diff\u00e9rentes herbes aromatiques, laurier et origan, conserv\u00e9es dans de l&rsquo;huile d&rsquo;olive extra vierge. D\u00e9noyaut\u00e9es.<\/p>\n","protected":false},"featured_media":3357,"comment_status":"open","ping_status":"closed","template":"brizy-blank-template.php","meta":[],"product_cat":[18],"product_tag":[],"_links":{"self":[{"href":"https:\/\/venfret.fr\/index.php\/wp-json\/wp\/v2\/product\/654"}],"collection":[{"href":"https:\/\/venfret.fr\/index.php\/wp-json\/wp\/v2\/product"}],"about":[{"href":"https:\/\/venfret.fr\/index.php\/wp-json\/wp\/v2\/types\/product"}],"replies":[{"embeddable":true,"href":"https:\/\/venfret.fr\/index.php\/wp-json\/wp\/v2\/comments?post=654"}],"wp:featuredmedia":[{"embeddable":true,"href":"https:\/\/venfret.fr\/index.php\/wp-json\/wp\/v2\/media\/3357"}],"wp:attachment":[{"href":"https:\/\/venfret.fr\/index.php\/wp-json\/wp\/v2\/media?parent=654"}],"wp:term":[{"taxonomy":"product_cat","embeddable":true,"href":"https:\/\/venfret.fr\/index.php\/wp-json\/wp\/v2\/product_cat?post=654"},{"taxonomy":"product_tag","embeddable":true,"href":"https:\/\/venfret.fr\/index.php\/wp-json\/wp\/v2\/product_tag?post=654"}],"curies":[{"name":"wp","href":"https:\/\/api.w.org\/{rel}","templated":true}]}}