{"id":665,"date":"2021-04-11T18:57:10","date_gmt":"2021-04-11T16:57:10","guid":{"rendered":"http:\/\/venfret.fr\/?post_type=product&#038;p=665"},"modified":"2024-05-17T08:38:56","modified_gmt":"2024-05-17T06:38:56","slug":"soresa-amandes-vrac","status":"publish","type":"product","link":"https:\/\/venfret.fr\/index.php\/produit\/soresa-amandes-vrac\/","title":{"rendered":"Soresa \u2013 Amandes s\u00e9ch\u00e9es"},"content":{"rendered":"<div class=\"brz-root__container brz-reset-all\">\n<section id=\"yroxsdqkehfebwzcqmmhzoifcpkryskqkhjs\" class=\"brz-section brz-css-dWIAN\">\n<div class=\"brz-section__content brz-section--boxed brz-css-pq00f brz-css-rKfkt\" data-brz-custom-id=\"qokjnefpolsczfnureufedvsflyamtbsflmi\">\n<div class=\"brz-container brz-css-i2WDo\">\n<div id class=\"brz-css-oG4Rf brz-css-fssDh brz-wrapper\">\n<div id=\"cmkjrflpjlosdzzglmiwqtyavircclpzwtpn\" class=\"brz-woocart__wrapper brz-woocart__parent brz-woocart--bubble brz-css-eISaS brz-css-oL7zX\" data-brz-custom-id=\"cmkjrflpjlosdzzglmiwqtyavircclpzwtpn\">\n<div class=\"brz-woocart__background\"><\/div>\n<div class=\"brz-woocart__dc\" style=\"min-height:20px\"><\/div>\n<\/div>\n<\/div>\n<div id class=\"brz-css-oG4Rf brz-css-pDtMH brz-wrapper\">\n<div class=\"brz-spacer brz-css-hriW8\"><\/div>\n<\/div>\n<div class=\"brz-wrapper-clone brz-css-uJ45V\">\n<div class=\"brz-d-xs-flex brz-flex-xs-wrap brz-css-xydql brz-css-uuhG4\">\n<div class=\"brz-wrapper-clone__item\" id=\"odbuajpswrrxjtpdpbqagoufoixawdlujhsl\"><a class=\"brz-a brz-btn brz-css-lxuQ6 brz-css-tKbHM\" href=\"%7B@brizy_SITE_URL_PLACEHOLDER@%7D\/index.php\/boutique-pre-commande\/\" target=\"_self\" rel=\"noopener\" data-brz-link-type=\"external\" data-brz-custom-id=\"odbuajpswrrxjtpdpbqagoufoixawdlujhsl\"><span data-brz-translate-text=\"1\" class=\"brz-span brz-text__editor\">Retour<\/span><\/a><\/div>\n<\/div>\n<\/div>\n<div class=\"brz-row__container brz-css-yqruI\" data-brz-custom-id=\"jxszgrwpfmyuuyvpaldfrwusgmysmwdzfmaw\">\n<div class=\"brz-bg\"><\/div>\n<div class=\"brz-row brz-css-dmtv7 brz-css-cujOB\">\n<div class=\"brz-columns brz-css-vzLVM\" data-brz-custom-id=\"dpncvvaqcjictfkflqvlsdoxoglitrvkakww\">\n<div class=\"brz-bg\"><\/div>\n<div class=\"brz-column__items brz-css-i9g9N\">\n<div class=\"brz-row__container brz-css-yqruI\" data-brz-custom-id=\"zkugarzhwcpalhayfvdcsajdideoueajvdix\">\n<div class=\"brz-bg\"><\/div>\n<div class=\"brz-row brz-row--inner brz-css-dmtv7\">\n<div class=\"brz-columns brz-css-vzLVM brz-css-lRhPO\" data-brz-custom-id=\"sxfwtckhdgsrjvojrksjsdofiepbafsspurs\">\n<div class=\"brz-bg\"><\/div>\n<div class=\"brz-column__items brz-css-i9g9N\">\n<div id class=\"brz-css-oG4Rf brz-wrapper\">\n<div class=\"brz-rich-text brz-rich-text__custom brz-css-iDVz8\" data-brz-custom-id=\"hdawxeoqtwqwxmkqvaenwwaashjynbdpuxfj\">\n<div data-brz-translate-text=\"1\">\n<p data-uniq-id=\"gzwxa\" data-generated-css=\"brz-css-nwafa\" class=\"brz-tp-lg-empty brz-ff-raleway brz-ft-google brz-fs-lg-0 brz-fss-lg-px brz-fw-lg-400 brz-ls-lg-0 brz-lh-lg-1_8 brz-css-y7zuE\"><\/p>\n<\/div>\n<\/div>\n<\/div>\n<\/div>\n<\/div>\n<\/div>\n<\/div>\n<div class=\"brz-row__container brz-css-yqruI\" data-brz-custom-id=\"pbbxenncztxdzztnlfbmbhvzlgrnnjmwosgm\">\n<div class=\"brz-bg\"><\/div>\n<div class=\"brz-row brz-row--inner brz-css-dmtv7 brz-css-cujOB\">\n<div class=\"brz-columns brz-css-vzLVM brz-css-b5kgv\" data-brz-custom-id=\"tsisxnsrjogzydwvgeypdootxmqmzsrwgcge\">\n<div class=\"brz-bg\"><\/div>\n<div class=\"brz-column__items brz-css-i9g9N\">\n<div id class=\"brz-css-oG4Rf brz-wrapper\">\n<div class=\"brz-wp-title brz-css-c1uy9 brz-css-n4khI\" data-brz-custom-id=\"vbduyszyvruwnagvffobootbguurnhepspcs\"><span class=\"brz-wp-title-content\" style=\"min-height:20px\"><\/span><\/div>\n<\/div>\n<\/div>\n<\/div>\n<\/div>\n<\/div>\n<div class=\"brz-row__container brz-css-yqruI\" data-brz-custom-id=\"viiwhfzyevrrleskgwddkwjsjiznafgbkycs\">\n<div class=\"brz-bg\"><\/div>\n<div class=\"brz-row brz-row--inner brz-css-dmtv7 brz-css-cujOB\">\n<div class=\"brz-columns brz-css-vzLVM brz-css-gPMaI\" data-brz-custom-id=\"komhkytumwnlvfqttyqzwkzrypubvrucoqse\">\n<div class=\"brz-bg\"><\/div>\n<div class=\"brz-column__items brz-css-i9g9N\">\n<div id class=\"brz-css-oG4Rf brz-wrapper\">\n<div class=\"brz-wooexcerpt brz-css-k3qGC brz-css-n2OrL\">\n<div style=\"min-height:20px\"><\/div>\n<\/div>\n<\/div>\n<\/div>\n<\/div>\n<\/div>\n<\/div>\n<div class=\"brz-row__container brz-css-yqruI\" data-brz-custom-id=\"ymyekmuqtyaqxtjdkggdelcbsyjnlnaewbau\">\n<div class=\"brz-bg\"><\/div>\n<div class=\"brz-row brz-row--inner brz-css-dmtv7\">\n<div class=\"brz-columns brz-css-vzLVM brz-css-iShXZ\" data-brz-custom-id=\"zpxjnzzclajbnemkuqtgdaxygpevfczyiabb\">\n<div class=\"brz-bg\"><\/div>\n<div class=\"brz-column__items brz-css-i9g9N\">\n<div id class=\"brz-css-oG4Rf brz-wrapper\">\n<div class=\"brz-woo-price brz-css-hbLdu brz-css-q43Zu\" data-brz-custom-id=\"uyxvuidobbtpfqdsfvbbqfvvteenhulrguit\">\n<div style=\"min-height:20px\"><\/div>\n<\/div>\n<\/div>\n<\/div>\n<\/div>\n<div class=\"brz-columns brz-css-vzLVM\" data-brz-custom-id=\"wyacgbxhxjbpckkdzwexegerdcoazkhhfmql\">\n<div class=\"brz-bg\"><\/div>\n<div class=\"brz-column__items brz-css-i9g9N\">\n<div id class=\"brz-css-oG4Rf brz-wrapper\">\n<div class=\"brz-woo-add-to-cart brz-css-nOmpn brz-css-y7T3f\" data-brz-custom-id=\"xiftvwqnlicwrmsrdtpsbudcaduobqxxookr\">\n<div style=\"min-height:20px\"><\/div>\n<\/div>\n<\/div>\n<\/div>\n<\/div>\n<\/div>\n<\/div>\n<div class=\"brz-row__container brz-css-yqruI\" data-brz-custom-id=\"eefqzzvruiiidebxgsexoauvgugcwlawqglb\">\n<div class=\"brz-bg\"><\/div>\n<div class=\"brz-row brz-row--inner brz-css-dmtv7\">\n<div class=\"brz-columns brz-css-vzLVM\" data-brz-custom-id=\"jrgjxrzsfpblscdalgitkwteaqplbuwuqizl\">\n<div class=\"brz-bg\"><\/div>\n<div class=\"brz-column__items brz-css-i9g9N\"><\/div>\n<\/div>\n<div class=\"brz-columns brz-css-vzLVM\" data-brz-custom-id=\"bkqteheibudmzgqcevpzrwuimcfqjpusegzi\">\n<div class=\"brz-bg\"><\/div>\n<div class=\"brz-column__items brz-css-i9g9N\"><\/div>\n<\/div>\n<\/div>\n<\/div>\n<\/div>\n<\/div>\n<div class=\"brz-columns brz-css-vzLVM\" data-brz-custom-id=\"wepmwzpliopppkfhmdlsgwalabexxxkjyqjx\">\n<div class=\"brz-bg\"><\/div>\n<div class=\"brz-column__items brz-css-i9g9N\">\n<div id class=\"brz-css-oG4Rf brz-wrapper\">\n<div class=\"brz-woo-gallery brz-woo-gallery__style-bottom brz-woo-gallery__thumbsTB-4 brz-css-pjoY6 brz-css-mrvzB\" data-brz-custom-id=\"yhchtdydcayvctwyrvqjjmrbslsbtayisyzl\">\n<div style=\"min-height:20px\"><\/div>\n<\/div>\n<\/div>\n<\/div>\n<\/div>\n<\/div>\n<\/div>\n<\/div>\n<\/div>\n<\/section>\n<section id=\"asaufebhxuhxfozmasrfycuvrqqedbbdfscw\" class=\"brz-section brz-css-dWIAN\">\n<div class=\"brz-section__content brz-section--boxed brz-css-pq00f brz-css-vctrx\" data-brz-custom-id=\"jivlbmxiyevlqrvfkosljhnlltrusfhmvxvd\">\n<div class=\"brz-container brz-css-i2WDo brz-css-vfFN3\">\n<div class=\"brz-row__container brz-css-yqruI\" data-brz-custom-id=\"zbfxsqyjqxiedfjguuopzxysyihhjbexydkv\">\n<div class=\"brz-bg\"><\/div>\n<div class=\"brz-row brz-css-dmtv7 brz-css-cujOB\">\n<div class=\"brz-columns brz-css-vzLVM brz-css-acwbc\" data-brz-custom-id=\"zfjppvmnehofmcqzjgsyjkitgijkayaetwge\">\n<div class=\"brz-bg\"><\/div>\n<div class=\"brz-column__items brz-css-i9g9N brz-css-adNt4\">\n<div id class=\"brz-css-oG4Rf brz-wrapper\">\n<div class=\"brz-rich-text brz-rich-text__custom brz-css-iDVz8\" data-brz-custom-id=\"vvbucbnssuebsxbjczfrlfzpdioavyiziclu\">\n<div data-brz-translate-text=\"1\">\n<h2 class=\"brz-tp-lg-empty brz-ff-overpass brz-ft-google brz-fs-lg-30 brz-fss-lg-px brz-fw-lg-700 brz-ls-lg-0_5 brz-lh-lg-1_5 brz-css-srczE\" data-uniq-id=\"fxacp\" data-generated-css=\"brz-css-ehdcc\">Soresa &#8211; Amandes s&eacute;ch&eacute;es<\/h2>\n<\/div>\n<\/div>\n<\/div>\n<div id class=\"brz-css-oG4Rf brz-css-pDtMH brz-css-ssB4q brz-wrapper\">\n<div class=\"brz-spacer brz-css-hriW8 brz-css-qUpJ9\"><\/div>\n<\/div>\n<div id class=\"brz-css-oG4Rf brz-wrapper\">\n<div class=\"brz-rich-text brz-rich-text__custom brz-css-iDVz8\" data-brz-custom-id=\"prpnfaztmjeihmjnyidkbrzkzwlmzyclugqn\">\n<div data-brz-translate-text=\"1\">\n<p data-uniq-id=\"aljnw\" data-generated-css=\"brz-css-iibkp\" class=\"brz-fss-lg-px brz-fw-lg-600 brz-ls-lg-0 brz-lh-lg-1_8 brz-tp-lg-empty brz-ff-overpass brz-ft-google brz-fs-lg-20 brz-css-bE_0K\">Histoire <\/p>\n<\/div>\n<\/div>\n<\/div>\n<div id class=\"brz-css-oG4Rf brz-wrapper\">\n<div class=\"brz-rich-text brz-rich-text__custom brz-css-iDVz8\" data-brz-custom-id=\"wqvffmbtllskvhtintqybphqucroxjdlmvpj\">\n<div data-brz-translate-text=\"1\">\n<p data-uniq-id=\"xfaay\" data-generated-css=\"brz-css-pqhfl\" class=\"brz-css-rbd5l\">Edgar et <span style=\"background-color: transparent\">Andr&eacute;, amis d&rsquo;enfance, ont repris les terres familiales pour continuer de perp&eacute;tuer le savoir faire agricole portugais. Sur 70 petites parcelles de 1 hectare environ, ils cultivent diff&eacute;rents arbres fruitiers, principalement des oliviers mais &eacute;galement des amandiers et ch&acirc;taigniers.&nbsp;<\/span><\/p>\n<p data-uniq-id=\"zatqk\" data-generated-css=\"brz-css-nbkxb\" class=\"brz-css-t0e5O\"><span style=\"background-color: transparent\">Leurs terres se situent dans la r&eacute;gion de Tras os Montes au nord-est du Portugal et appartiennent &agrave; leurs familles depuis 1926.<\/span><\/p>\n<p data-uniq-id=\"vsgnb\" data-generated-css=\"brz-css-xldix\" class=\"brz-css-gfML9\"><span style=\"background-color: transparent\">&nbsp;La g&eacute;ographie de cette r&eacute;gion est particuli&egrave;rement int&eacute;ressante pour l&rsquo;arboriculture car elle se situe &agrave; la jonction entre le climat chaud au sud et le froid des montagnes au nord.&nbsp;<\/span><\/p>\n<p data-uniq-id=\"nyzfm\" data-generated-css=\"brz-css-gnwsw\" class=\"brz-css-j6dij\"><span style=\"background-color: transparent\">La majeure partie de leurs terres sont certifi&eacute;es agriculture biologique.<\/span><\/p>\n<p class=\"brz-tp-lg-paragraph brz-css-whRsQ\" data-generated-css=\"brz-css-xufux\" data-uniq-id=\"taass\"><\/p>\n<\/div>\n<\/div>\n<\/div>\n<\/div>\n<\/div>\n<div class=\"brz-columns brz-css-vzLVM brz-css-kCFCf\" data-brz-custom-id=\"atduccspkfimkxnqhmozizxhgfedfnwsqtgg\">\n<div class=\"brz-column__items brz-css-i9g9N brz-css-fTBFA\">\n<div id class=\"brz-css-oG4Rf brz-wrapper\">\n<div class=\"brz-rich-text brz-rich-text__custom brz-css-iDVz8\" data-brz-custom-id=\"azzebydocjnsckmqgfevrgtmupxwuupqhrin\">\n<div data-brz-translate-text=\"1\">\n<h4 class=\"brz-lh-lg-1_5 brz-ls-lg-0 brz-fw-lg-700 brz-fss-lg-px brz-fs-lg-14 brz-ft-google brz-ff-raleway brz-tp-lg-empty brz-css-gkSBe\" data-uniq-id=\"ffauo\" data-generated-css=\"brz-css-qfawl\"><\/h4>\n<\/div>\n<\/div>\n<\/div>\n<div class=\"brz-row__container brz-css-yqruI\" data-brz-custom-id=\"ucgxathpnoheowjesvpcqeckbrvmerrhhkhy\">\n<div class=\"brz-bg\"><\/div>\n<div class=\"brz-row brz-row--inner brz-css-dmtv7\">\n<div class=\"brz-columns brz-css-vzLVM brz-css-qTRUI\" data-brz-custom-id=\"ngjfyskfwdkcgdaztjqhzqnwhqkgthpodxfv\">\n<div class=\"brz-bg\"><\/div>\n<div class=\"brz-column__items brz-css-i9g9N\">\n<div id class=\"brz-css-oG4Rf brz-wrapper\">\n<div class=\"brz-rich-text brz-rich-text__custom brz-css-iDVz8\" data-brz-custom-id=\"vgzrbrvyobfulqrihllnmwgcnctavynvtbpo\">\n<div data-brz-translate-text=\"1\">\n<p data-uniq-id=\"fywef\" data-generated-css=\"brz-css-ktvtg\" class=\"brz-fss-lg-px brz-fw-lg-600 brz-ls-lg-0 brz-lh-lg-1_8 brz-tp-lg-empty brz-ff-overpass brz-ft-google brz-fs-lg-20 brz-css-zNOJC\">Producteur<\/p>\n<\/div>\n<\/div>\n<\/div>\n<\/div>\n<\/div>\n<div class=\"brz-columns brz-css-vzLVM brz-css-cPn6E\" data-brz-custom-id=\"nufwexxizdyocrlklfznhpncomtnrppiqckn\">\n<div class=\"brz-bg\"><\/div>\n<div class=\"brz-column__items brz-css-i9g9N\">\n<div id class=\"brz-css-oG4Rf brz-wrapper\">\n<div class=\"brz-rich-text brz-rich-text__custom brz-css-iDVz8\" data-brz-custom-id=\"fqwgriaydmnzouvfvztvlgijxchtmanrjskn\">\n<div data-brz-translate-text=\"1\">\n<p class=\"brz-lh-lg-1_8 brz-ls-lg-0 brz-fw-lg-400 brz-fss-lg-px brz-fs-lg-14 brz-ft-google brz-ff-overpass brz-tp-lg-empty brz-css-rI4kU\" data-generated-css=\"brz-css-greaj\" data-uniq-id=\"jbtae\">Edgar et Andr&eacute;<\/p>\n<\/div>\n<\/div>\n<\/div>\n<\/div>\n<\/div>\n<\/div>\n<\/div>\n<div class=\"brz-row__container brz-css-yqruI\" data-brz-custom-id=\"kflgwezuzlkwwmfrftwnsunhceyqzbrtuexs\">\n<div class=\"brz-bg\"><\/div>\n<div class=\"brz-row brz-row--inner brz-css-dmtv7\">\n<div class=\"brz-columns brz-css-vzLVM brz-css-p6QQ7\" data-brz-custom-id=\"wlfbwtutpyrreevuuvvohlxueffvtalygilx\">\n<div class=\"brz-bg\"><\/div>\n<div class=\"brz-column__items brz-css-i9g9N\">\n<div id class=\"brz-css-oG4Rf brz-wrapper\">\n<div class=\"brz-rich-text brz-rich-text__custom brz-css-iDVz8\" data-brz-custom-id=\"uabfzgnikpyrqrrpzneoyklumahxfhygahie\">\n<div data-brz-translate-text=\"1\">\n<p data-uniq-id=\"lnlnl\" data-generated-css=\"brz-css-gbrgr\" class=\"brz-ft-google brz-fs-lg-20 brz-fss-lg-px brz-fw-lg-600 brz-ls-lg-0 brz-lh-lg-1_8 brz-tp-lg-empty brz-ff-overpass brz-css-qh3sq\">G&eacute;ographie <\/p>\n<\/div>\n<\/div>\n<\/div>\n<\/div>\n<\/div>\n<div class=\"brz-columns brz-css-vzLVM brz-css-sY0_s\" data-brz-custom-id=\"oqwftkfffebahzutnjikytftmvoqyvjxfgit\">\n<div class=\"brz-bg\"><\/div>\n<div class=\"brz-column__items brz-css-i9g9N\">\n<div id class=\"brz-css-oG4Rf brz-wrapper\">\n<div class=\"brz-rich-text brz-rich-text__custom brz-css-iDVz8\" data-brz-custom-id=\"kmcwimegdmfaneifkonjhsizoebjwmkiujdo\">\n<div data-brz-translate-text=\"1\">\n<p class=\"brz-lh-lg-1_8 brz-ls-lg-0 brz-fw-lg-400 brz-fss-lg-px brz-fs-lg-14 brz-ft-google brz-ff-overpass brz-tp-lg-empty brz-css-l6caS\" data-generated-css=\"brz-css-inazv\" data-uniq-id=\"zgwxy\">Pays : Portugal<\/p>\n<p class=\"brz-lh-lg-1_8 brz-ls-lg-0 brz-fw-lg-400 brz-fss-lg-px brz-fs-lg-14 brz-ft-google brz-ff-overpass brz-tp-lg-empty brz-css-bNifG\" data-generated-css=\"brz-css-ummlf\" data-uniq-id=\"nvgku\">R&eacute;gion : Tras os Montes<\/p>\n<p class=\"brz-lh-lg-1_8 brz-ls-lg-0 brz-fw-lg-400 brz-fss-lg-px brz-fs-lg-14 brz-ft-google brz-ff-overpass brz-tp-lg-empty brz-css-kRsJo\" data-generated-css=\"brz-css-nreqv\" data-uniq-id=\"laprq\"><\/p>\n<\/div>\n<\/div>\n<\/div>\n<\/div>\n<\/div>\n<\/div>\n<\/div>\n<div class=\"brz-row__container brz-css-yqruI\" data-brz-custom-id=\"zedvopbcprmxdndzvnsvdzcqqtydxzfgosdf\">\n<div class=\"brz-bg\"><\/div>\n<div class=\"brz-row brz-row--inner brz-css-dmtv7\">\n<div class=\"brz-columns brz-css-vzLVM brz-css-xvvVN\" data-brz-custom-id=\"guabmjxxqlvubykprsbmyeekbhtikrhttdom\">\n<div class=\"brz-bg\"><\/div>\n<div class=\"brz-column__items brz-css-i9g9N\">\n<div id class=\"brz-css-oG4Rf brz-wrapper\">\n<div class=\"brz-rich-text brz-rich-text__custom brz-css-iDVz8\" data-brz-custom-id=\"tohogtozthnqezlpewqofdkebtijndhtdfrd\">\n<div data-brz-translate-text=\"1\">\n<p data-uniq-id=\"ehcmf\" data-generated-css=\"brz-css-yngcr\" class=\"brz-ls-lg-0 brz-lh-lg-1_8 brz-tp-lg-empty brz-ff-overpass brz-ft-google brz-fs-lg-20 brz-fss-lg-px brz-fw-lg-600 brz-css-i5RhZ\">Info technique <\/p>\n<\/div>\n<\/div>\n<\/div>\n<\/div>\n<\/div>\n<div class=\"brz-columns brz-css-vzLVM brz-css-bj3iH\" data-brz-custom-id=\"tvdvhcahuignjmoetixqjajyjktbygkzqdiv\">\n<div class=\"brz-bg\"><\/div>\n<div class=\"brz-column__items brz-css-i9g9N\">\n<div id class=\"brz-css-oG4Rf brz-wrapper\">\n<div class=\"brz-rich-text brz-rich-text__custom brz-css-iDVz8\" data-brz-custom-id=\"bcrgticdryayrgsjsrhvrxgibmqbjckppzuv\">\n<div data-brz-translate-text=\"1\">\n<p class=\"brz-tp-lg-empty brz-ff-overpass brz-ft-google brz-fs-lg-14 brz-fss-lg-px brz-fw-lg-400 brz-ls-lg-0 brz-lh-lg-1_3 brz-css-xfHSn\" data-uniq-id=\"eabcz\" data-generated-css=\"brz-css-rfleb\">Certification : Agriculture biologique<\/p>\n<p class=\"brz-tp-lg-empty brz-ff-overpass brz-ft-google brz-fs-lg-14 brz-fss-lg-px brz-fw-lg-400 brz-ls-lg-0 brz-lh-lg-1_3 brz-css-xIL9_\" data-uniq-id=\"ndreo\" data-generated-css=\"brz-css-khrov\"><\/p>\n<p class=\"brz-lh-lg-1_3 brz-ls-lg-0 brz-fw-lg-400 brz-fss-lg-px brz-fs-lg-14 brz-ft-google brz-ff-lato brz-tp-lg-empty brz-css-q4Lwo\" data-uniq-id=\"hxdkj\" data-generated-css=\"brz-css-fxsbi\"><\/p>\n<p data-uniq-id=\"wglyh\" data-generated-css=\"brz-css-kqhjf\" class=\"brz-css-xPfNf\"><\/p>\n<\/div>\n<\/div>\n<\/div>\n<\/div>\n<\/div>\n<\/div>\n<\/div>\n<\/div>\n<\/div>\n<\/div>\n<\/div>\n<\/div>\n<\/div>\n<\/section>\n<\/div>\n<p><!-- version:1715927936 --><\/p>\n","protected":false},"excerpt":{"rendered":"<p>Certifi\u00e9es biologiques.<\/p>\n<p>Ce produit est en vrac, venez avec votre contenant lors de la distribution ou bien nous fournirons un sac en papier.<br \/>\nPour une meilleure conservation, nous vous conseillons un bocal en verre ferm\u00e9 que vous laisserez \u00e0 l&rsquo;abri de la lumi\u00e8re et des variations de temp\u00e9rature.<\/p>\n","protected":false},"featured_media":3363,"comment_status":"open","ping_status":"closed","template":"brizy-blank-template.php","meta":[],"product_cat":[18],"product_tag":[],"_links":{"self":[{"href":"https:\/\/venfret.fr\/index.php\/wp-json\/wp\/v2\/product\/665"}],"collection":[{"href":"https:\/\/venfret.fr\/index.php\/wp-json\/wp\/v2\/product"}],"about":[{"href":"https:\/\/venfret.fr\/index.php\/wp-json\/wp\/v2\/types\/product"}],"replies":[{"embeddable":true,"href":"https:\/\/venfret.fr\/index.php\/wp-json\/wp\/v2\/comments?post=665"}],"wp:featuredmedia":[{"embeddable":true,"href":"https:\/\/venfret.fr\/index.php\/wp-json\/wp\/v2\/media\/3363"}],"wp:attachment":[{"href":"https:\/\/venfret.fr\/index.php\/wp-json\/wp\/v2\/media?parent=665"}],"wp:term":[{"taxonomy":"product_cat","embeddable":true,"href":"https:\/\/venfret.fr\/index.php\/wp-json\/wp\/v2\/product_cat?post=665"},{"taxonomy":"product_tag","embeddable":true,"href":"https:\/\/venfret.fr\/index.php\/wp-json\/wp\/v2\/product_tag?post=665"}],"curies":[{"name":"wp","href":"https:\/\/api.w.org\/{rel}","templated":true}]}}