{"id":686,"date":"2021-04-11T19:51:14","date_gmt":"2021-04-11T17:51:14","guid":{"rendered":"http:\/\/venfret.fr\/?post_type=product&#038;p=686"},"modified":"2024-05-17T15:07:04","modified_gmt":"2024-05-17T13:07:04","slug":"chocolatemaker-chocolat-au-eclat-de-cacao-75","status":"publish","type":"product","link":"https:\/\/venfret.fr\/index.php\/produit\/chocolatemaker-chocolat-au-eclat-de-cacao-75\/","title":{"rendered":"Chocolatemaker &#8211; Chocolat au \u00e9clat de cacao 75%"},"content":{"rendered":"<div class=\"brz-root__container brz-reset-all\">\n<section id=\"dajaxzxiymohkqdbdnhixkparsjjuxoywnam\" class=\"brz-section brz-css-ivLME\">\n<div class=\"brz-section__content brz-section--boxed brz-css-oCfd6 brz-css-r58DC\" data-brz-custom-id=\"ntcgemqhkouyocsgfdpztjuthpfylppjjgao\">\n<div class=\"brz-container brz-css-mHCIq\">\n<div id class=\"brz-css-eqXv5 brz-css-j5LMT brz-wrapper\">\n<div id=\"mywneyhxamslvoignqrszgxkbfwmcshzwean\" class=\"brz-woocart__wrapper brz-woocart__parent brz-woocart--bubble brz-css-yxkYP brz-css-bsVbZ\" data-brz-custom-id=\"mywneyhxamslvoignqrszgxkbfwmcshzwean\">\n<div class=\"brz-woocart__background\"><\/div>\n<div class=\"brz-woocart__dc\" style=\"min-height:20px\"><\/div>\n<\/div>\n<\/div>\n<div id class=\"brz-css-eqXv5 brz-css-fwq8A brz-wrapper\">\n<div class=\"brz-spacer brz-css-giblQ\"><\/div>\n<\/div>\n<div class=\"brz-wrapper-clone brz-css-thAQi\">\n<div class=\"brz-d-xs-flex brz-flex-xs-wrap brz-css-ndVyM brz-css-tYyqi\">\n<div class=\"brz-wrapper-clone__item\" id=\"uwtkmisymlcdatdbqymidoxuasxkvciwtvpn\"><a class=\"brz-a brz-btn brz-css-d8WHP brz-css-cGSjX\" href=\"%7B@brizy_SITE_URL_PLACEHOLDER@%7D\/index.php\/boutique-pre-commande\/\" target=\"_self\" rel=\"noopener\" data-brz-link-type=\"external\" data-brz-custom-id=\"uwtkmisymlcdatdbqymidoxuasxkvciwtvpn\"><span data-brz-translate-text=\"1\" class=\"brz-span brz-text__editor\">Retour<\/span><\/a><\/div>\n<\/div>\n<\/div>\n<div class=\"brz-row__container brz-css-lxxbe\" data-brz-custom-id=\"hciitbjnwmhnovcmcxrtatyanximcnxrlovl\">\n<div class=\"brz-bg\"><\/div>\n<div class=\"brz-row brz-css-mcnAG brz-css-klO8C\">\n<div class=\"brz-columns brz-css-tRTSG\" data-brz-custom-id=\"etfeyokrmklazqxofazdoqvqdqxwthkumxwv\">\n<div class=\"brz-bg\"><\/div>\n<div class=\"brz-column__items brz-css-fYTGu\">\n<div class=\"brz-row__container brz-css-lxxbe\" data-brz-custom-id=\"artpobkyduqqfmkrfilfnwztcmbjbabgpamd\">\n<div class=\"brz-bg\"><\/div>\n<div class=\"brz-row brz-row--inner brz-css-mcnAG\">\n<div class=\"brz-columns brz-css-tRTSG brz-css-vkijL\" data-brz-custom-id=\"xdjggrctbywoewovxnrxupfpodcaxjkajnwt\">\n<div class=\"brz-bg\"><\/div>\n<div class=\"brz-column__items brz-css-fYTGu\">\n<div id class=\"brz-css-eqXv5 brz-wrapper\">\n<div class=\"brz-rich-text brz-rich-text__custom brz-css-e74No\" data-brz-custom-id=\"ivdgcpiogaowbobnqizhqyhlyezwrxtuozpr\">\n<div data-brz-translate-text=\"1\">\n<p data-uniq-id=\"gzwxa\" data-generated-css=\"brz-css-nwafa\" class=\"brz-tp-lg-empty brz-ff-raleway brz-ft-google brz-fs-lg-0 brz-fss-lg-px brz-fw-lg-400 brz-ls-lg-0 brz-lh-lg-1_8 brz-css-feZVr\"><\/p>\n<\/div>\n<\/div>\n<\/div>\n<\/div>\n<\/div>\n<\/div>\n<\/div>\n<div class=\"brz-row__container brz-css-lxxbe\" data-brz-custom-id=\"vvyrzknfjptencdfrmgnbuknbjsoxwrzjods\">\n<div class=\"brz-bg\"><\/div>\n<div class=\"brz-row brz-row--inner brz-css-mcnAG brz-css-klO8C\">\n<div class=\"brz-columns brz-css-tRTSG brz-css-g4BFe\" data-brz-custom-id=\"yqhnzppttynftgxzyzougxmpvmpxjkyppcvw\">\n<div class=\"brz-bg\"><\/div>\n<div class=\"brz-column__items brz-css-fYTGu\">\n<div id class=\"brz-css-eqXv5 brz-wrapper\">\n<div class=\"brz-wp-title brz-css-sXhWV brz-css-c7nj8\" data-brz-custom-id=\"pcgcnxnpnbtmlscxajzpmremmidmmydmftgx\"><span class=\"brz-wp-title-content\" style=\"min-height:20px\"><\/span><\/div>\n<\/div>\n<\/div>\n<\/div>\n<\/div>\n<\/div>\n<div class=\"brz-row__container brz-css-lxxbe\" data-brz-custom-id=\"xtipposlndubrqzcfgxgrqtcgdpecuapckmr\">\n<div class=\"brz-bg\"><\/div>\n<div class=\"brz-row brz-row--inner brz-css-mcnAG brz-css-klO8C\">\n<div class=\"brz-columns brz-css-tRTSG brz-css-v8pr_\" data-brz-custom-id=\"doglhdbktcfzkniimdfmwlxifvftqmnqmcfk\">\n<div class=\"brz-bg\"><\/div>\n<div class=\"brz-column__items brz-css-fYTGu\">\n<div id class=\"brz-css-eqXv5 brz-wrapper\">\n<div class=\"brz-wooexcerpt brz-css-s_jxr brz-css-nS5nP\">\n<div style=\"min-height:20px\"><\/div>\n<\/div>\n<\/div>\n<\/div>\n<\/div>\n<\/div>\n<\/div>\n<div class=\"brz-row__container brz-css-lxxbe\" data-brz-custom-id=\"drlvbrvsjxwugnztmimlvjexhzxnkcbcoqmq\">\n<div class=\"brz-bg\"><\/div>\n<div class=\"brz-row brz-row--inner brz-css-mcnAG\">\n<div class=\"brz-columns brz-css-tRTSG brz-css-oFDH4\" data-brz-custom-id=\"wwpfwawqkyecpqalndmubwwewurqzqoffqqm\">\n<div class=\"brz-bg\"><\/div>\n<div class=\"brz-column__items brz-css-fYTGu\">\n<div id class=\"brz-css-eqXv5 brz-wrapper\">\n<div class=\"brz-woo-price brz-css-atwkF brz-css-rcEch\" data-brz-custom-id=\"rycqicjgcbuzrryoxbsfwzyhznzlujctchnn\">\n<div style=\"min-height:20px\"><\/div>\n<\/div>\n<\/div>\n<\/div>\n<\/div>\n<div class=\"brz-columns brz-css-tRTSG\" data-brz-custom-id=\"uikgbvpltlykfmhstpzrbkjuuxpykiodjfpk\">\n<div class=\"brz-bg\"><\/div>\n<div class=\"brz-column__items brz-css-fYTGu\">\n<div id class=\"brz-css-eqXv5 brz-wrapper\">\n<div class=\"brz-woo-add-to-cart brz-css-cEAJH brz-css-yLAVp\" data-brz-custom-id=\"vrjqvufgeynmiepvomfithpnpxfinvfvgkvt\">\n<div style=\"min-height:20px\"><\/div>\n<\/div>\n<\/div>\n<\/div>\n<\/div>\n<\/div>\n<\/div>\n<div class=\"brz-row__container brz-css-lxxbe\" data-brz-custom-id=\"tbtsjuprchmdlgumjxsgboejtardmcctatym\">\n<div class=\"brz-bg\"><\/div>\n<div class=\"brz-row brz-row--inner brz-css-mcnAG\">\n<div class=\"brz-columns brz-css-tRTSG\" data-brz-custom-id=\"qkxawhwellhljktudmacwmugssricpwqahln\">\n<div class=\"brz-bg\"><\/div>\n<div class=\"brz-column__items brz-css-fYTGu\"><\/div>\n<\/div>\n<div class=\"brz-columns brz-css-tRTSG\" data-brz-custom-id=\"inqamlivtshodqhhwsloaddemfhlqphdqcgv\">\n<div class=\"brz-bg\"><\/div>\n<div class=\"brz-column__items brz-css-fYTGu\"><\/div>\n<\/div>\n<\/div>\n<\/div>\n<\/div>\n<\/div>\n<div class=\"brz-columns brz-css-tRTSG\" data-brz-custom-id=\"dizseguknjenefnzkgggekdbgkwdoaahetny\">\n<div class=\"brz-bg\"><\/div>\n<div class=\"brz-column__items brz-css-fYTGu\">\n<div id class=\"brz-css-eqXv5 brz-wrapper\">\n<div class=\"brz-woo-gallery brz-woo-gallery__style-bottom brz-woo-gallery__thumbsTB-4 brz-css-f8aUy brz-css-n_76q\" data-brz-custom-id=\"qmqxmyshqctzjusuamyiivjsnexewpairrrv\">\n<div style=\"min-height:20px\"><\/div>\n<\/div>\n<\/div>\n<\/div>\n<\/div>\n<\/div>\n<\/div>\n<\/div>\n<\/div>\n<\/section>\n<section id=\"pvhtdiijrldhbasmfptkkzvjdgaaduqtleli\" class=\"brz-section brz-css-ivLME\">\n<div class=\"brz-section__content brz-section--boxed brz-css-oCfd6 brz-css-aaKD5\" data-brz-custom-id=\"kxlnpvkqhmmujqrjwtyuoytysgmfyufwtuwt\">\n<div class=\"brz-container brz-css-mHCIq brz-css-gU2cb\">\n<div class=\"brz-row__container brz-css-lxxbe\" data-brz-custom-id=\"peaiwevdurvufbrgyejryygbmqulhkkultqw\">\n<div class=\"brz-bg\"><\/div>\n<div class=\"brz-row brz-css-mcnAG brz-css-klO8C\">\n<div class=\"brz-columns brz-css-tRTSG brz-css-kIwdt\" data-brz-custom-id=\"uqkisznvcolyjbuzhpezlhizmujmpivfteps\">\n<div class=\"brz-bg\"><\/div>\n<div class=\"brz-column__items brz-css-fYTGu brz-css-jxRrd\">\n<div id class=\"brz-css-eqXv5 brz-wrapper\">\n<div class=\"brz-rich-text brz-rich-text__custom brz-css-e74No\" data-brz-custom-id=\"nwioenxmpgabofqqnrcmlycvyohxjojrfelv\">\n<div data-brz-translate-text=\"1\">\n<h2 class=\"brz-tp-lg-empty brz-ff-overpass brz-ft-google brz-fs-lg-30 brz-fss-lg-px brz-fw-lg-700 brz-ls-lg-0_5 brz-lh-lg-1_5 brz-css-yMQnU\" data-uniq-id=\"oejdf\" data-generated-css=\"brz-css-ozhbw\">Chocolatemakers &#8211; Amsterdam<\/h2>\n<\/div>\n<\/div>\n<\/div>\n<div id class=\"brz-css-eqXv5 brz-css-fwq8A brz-css-qaL6Z brz-wrapper\">\n<div class=\"brz-spacer brz-css-giblQ brz-css-dpKhb\"><\/div>\n<\/div>\n<div id class=\"brz-css-eqXv5 brz-wrapper\">\n<div class=\"brz-rich-text brz-rich-text__custom brz-css-e74No\" data-brz-custom-id=\"vpofbvnopfulyvfccnzgwmbklyojcypodubm\">\n<div data-brz-translate-text=\"1\">\n<p data-uniq-id=\"aljnw\" data-generated-css=\"brz-css-iibkp\" class=\"brz-fss-lg-px brz-fw-lg-600 brz-ls-lg-0 brz-lh-lg-1_8 brz-tp-lg-empty brz-ff-overpass brz-ft-google brz-fs-lg-20 brz-css-bzFbw\">Histoire <\/p>\n<\/div>\n<\/div>\n<\/div>\n<div id class=\"brz-css-eqXv5 brz-wrapper\">\n<div class=\"brz-rich-text brz-rich-text__custom brz-css-e74No\" data-brz-custom-id=\"iplgxekhfscqmtmppduacmpycidphcpiguek\">\n<div data-brz-translate-text=\"1\">\n<h4 class=\"brz-lh-lg-1_5 brz-ls-lg-0 brz-fw-lg-400 brz-fss-lg-px brz-fs-lg-14 brz-ft-google brz-ff-overpass brz-tp-lg-empty brz-css-frl__\" data-uniq-id=\"nitpl\" data-generated-css=\"brz-css-jetne\"> Il y a dix ans, Enver et Rodney ont commenc&eacute; &agrave; fabriquer du chocolat.<\/h4>\n<h4 class=\"brz-lh-lg-1_5 brz-ls-lg-0 brz-fw-lg-400 brz-fss-lg-px brz-fs-lg-14 brz-ft-google brz-ff-overpass brz-tp-lg-empty brz-css-nYZxP\" data-uniq-id=\"bsiho\" data-generated-css=\"brz-css-buyfz\"> Beaucoup de choses se sont pass&eacute;es depuis et leur chocolat est devenu <\/h4>\n<h4 class=\"brz-lh-lg-1_5 brz-ls-lg-0 brz-fw-lg-400 brz-fss-lg-px brz-fs-lg-14 brz-ft-google brz-ff-overpass brz-tp-lg-empty brz-css-a6L4I\" data-uniq-id=\"ghagi\" data-generated-css=\"brz-css-esaiu\">un nom familier pour les amateurs de produits d&eacute;licieux et durables. <\/h4>\n<h4 class=\"brz-lh-lg-1_5 brz-ls-lg-0 brz-fw-lg-400 brz-fss-lg-px brz-fs-lg-14 brz-ft-google brz-ff-overpass brz-tp-lg-empty brz-css-vUMb1\" data-uniq-id=\"dynrz\" data-generated-css=\"brz-css-brelz\">Depuis 2019, ils produisent &agrave; l&rsquo;&eacute;nergie solaire et sans &eacute;missions dans <\/h4>\n<h4 class=\"brz-lh-lg-1_5 brz-ls-lg-0 brz-fw-lg-400 brz-fss-lg-px brz-fs-lg-14 brz-ft-google brz-ff-overpass brz-tp-lg-empty brz-css-hAT5a\" data-uniq-id=\"ovbjd\" data-generated-css=\"brz-css-umsbh\">leur chocolaterie  sur le port d&rsquo;Amsterdam. Leur Atelier est un lieu <\/h4>\n<h4 class=\"brz-lh-lg-1_5 brz-ls-lg-0 brz-fw-lg-400 brz-fss-lg-px brz-fs-lg-14 brz-ft-google brz-ff-overpass brz-tp-lg-empty brz-css-lxSnY\" data-uniq-id=\"ywigh\" data-generated-css=\"brz-css-jguga\">vivant. Non seulement &ccedil;a sent toujours le chocolat, mais il s&rsquo;y <\/h4>\n<h4 class=\"brz-lh-lg-1_5 brz-ls-lg-0 brz-fw-lg-400 brz-fss-lg-px brz-fs-lg-14 brz-ft-google brz-ff-overpass brz-tp-lg-empty brz-css-fprdB\" data-uniq-id=\"eblud\" data-generated-css=\"brz-css-nglrf\">passe beaucoup plus de choses. Une fois par an, le voilier Tres Hombres <\/h4>\n<h4 class=\"brz-lh-lg-1_5 brz-ls-lg-0 brz-fw-lg-400 brz-fss-lg-px brz-fs-lg-14 brz-ft-google brz-ff-overpass brz-tp-lg-empty brz-css-v_mVM\" data-uniq-id=\"evbwd\" data-generated-css=\"brz-css-bydzz\">d&eacute;charge une cargaison de cacao, deux fois par an, des centaines de cyclistes <\/h4>\n<h4 class=\"brz-lh-lg-1_5 brz-ls-lg-0 brz-fw-lg-400 brz-fss-lg-px brz-fs-lg-14 brz-ft-google brz-ff-overpass brz-tp-lg-empty brz-css-qzQwt\" data-uniq-id=\"qibnf\" data-generated-css=\"brz-css-spwgq\">viennent d&rsquo;Allemagne pour transporter leur chocolat.<\/h4>\n<h4 class=\"brz-lh-lg-1_5 brz-ls-lg-0 brz-fw-lg-400 brz-fss-lg-px brz-fs-lg-14 brz-ft-google brz-ff-overpass brz-tp-lg-empty brz-css-un3zL\" data-uniq-id=\"zdvxd\" data-generated-css=\"brz-css-ohuic\"> <\/h4>\n<h4 class=\"brz-lh-lg-1_5 brz-ls-lg-0 brz-fw-lg-400 brz-fss-lg-px brz-fs-lg-14 brz-ft-google brz-ff-overpass brz-tp-lg-empty brz-css-sIw4l\" data-uniq-id=\"ibjln\" data-generated-css=\"brz-css-ttsdk\">La R&eacute;publique dominicaine est un fournisseur r&eacute;put&eacute; de cacao <\/h4>\n<h4 class=\"brz-lh-lg-1_5 brz-ls-lg-0 brz-fw-lg-400 brz-fss-lg-px brz-fs-lg-14 brz-ft-google brz-ff-overpass brz-tp-lg-empty brz-css-xWCS5\" data-uniq-id=\"ksaqi\" data-generated-css=\"brz-css-hzgbe\">trinitario. Leur partenaire Conacado est une coop&eacute;rative qui repr&eacute;sente<\/h4>\n<h4 class=\"brz-lh-lg-1_5 brz-ls-lg-0 brz-fw-lg-400 brz-fss-lg-px brz-fs-lg-14 brz-ft-google brz-ff-overpass brz-tp-lg-empty brz-css-dIMXC\" data-uniq-id=\"senni\" data-generated-css=\"brz-css-vgxju\"> 10 000 petits producteurs de cacao et qui a pris l&rsquo;initiative de passer<\/h4>\n<h4 class=\"brz-lh-lg-1_5 brz-ls-lg-0 brz-fw-lg-400 brz-fss-lg-px brz-fs-lg-14 brz-ft-google brz-ff-overpass brz-tp-lg-empty brz-css-stals\" data-uniq-id=\"sbkvu\" data-generated-css=\"brz-css-mgihh\"> &agrave; un cacao biologique et &eacute;quitable ferment&eacute; pour les clients ayant<\/h4>\n<h4 class=\"brz-lh-lg-1_5 brz-ls-lg-0 brz-fw-lg-400 brz-fss-lg-px brz-fs-lg-14 brz-ft-google brz-ff-overpass brz-tp-lg-empty brz-css-mV4UF\" data-uniq-id=\"xskth\" data-generated-css=\"brz-css-hobcm\"> des exigences de qualit&eacute; &eacute;lev&eacute;es. Ils ont construit sur l&rsquo;&icirc;le de <\/h4>\n<h4 class=\"brz-lh-lg-1_5 brz-ls-lg-0 brz-fw-lg-400 brz-fss-lg-px brz-fs-lg-14 brz-ft-google brz-ff-overpass brz-tp-lg-empty brz-css-bg33j\" data-uniq-id=\"jmkxw\" data-generated-css=\"brz-css-fkdwc\">grandes installations dans sept r&eacute;gions o&ugrave; le cacao est emmen&eacute; pour &ecirc;tre<\/h4>\n<h4 class=\"brz-lh-lg-1_5 brz-ls-lg-0 brz-fw-lg-400 brz-fss-lg-px brz-fs-lg-14 brz-ft-google brz-ff-overpass brz-tp-lg-empty brz-css-hXPDA\" data-uniq-id=\"akxmj\" data-generated-css=\"brz-css-estho\"> ferment&eacute; et s&eacute;ch&eacute; sous un contr&ocirc;le de qualit&eacute; constant.<\/h4>\n<h4 class=\"brz-lh-lg-1_5 brz-ls-lg-0 brz-fw-lg-400 brz-fss-lg-px brz-fs-lg-14 brz-ft-google brz-ff-overpass brz-tp-lg-empty brz-css-aEXow\" data-uniq-id=\"evonl\" data-generated-css=\"brz-css-nctik\">Le cacao biologique assure une bonne biodiversit&eacute; dans les <\/h4>\n<h4 class=\"brz-lh-lg-1_5 brz-ls-lg-0 brz-fw-lg-400 brz-fss-lg-px brz-fs-lg-14 brz-ft-google brz-ff-overpass brz-tp-lg-empty brz-css-mKLmm\" data-uniq-id=\"uzjax\" data-generated-css=\"brz-css-jdrnp\">plantations de deux mani&egrave;res : il am&eacute;liore la teneur en mati&egrave;re <\/h4>\n<h4 class=\"brz-lh-lg-1_5 brz-ls-lg-0 brz-fw-lg-400 brz-fss-lg-px brz-fs-lg-14 brz-ft-google brz-ff-overpass brz-tp-lg-empty brz-css-q59U9\" data-uniq-id=\"exajx\" data-generated-css=\"brz-css-mdljx\">organique du sol, ce qui maintient la vie du sol &agrave; un certain niveau et <\/h4>\n<h4 class=\"brz-lh-lg-1_5 brz-ls-lg-0 brz-fw-lg-400 brz-fss-lg-px brz-fs-lg-14 brz-ft-google brz-ff-overpass brz-tp-lg-empty brz-css-z7ioC\" data-uniq-id=\"jwgwq\" data-generated-css=\"brz-css-rffyo\">am&eacute;liore le bilan hydrique du sol (effet &eacute;ponge du sol). Il faut <\/h4>\n<h4 class=\"brz-lh-lg-1_5 brz-ls-lg-0 brz-fw-lg-400 brz-fss-lg-px brz-fs-lg-14 brz-ft-google brz-ff-overpass brz-tp-lg-empty brz-css-w1ig7\" data-uniq-id=\"elfiw\" data-generated-css=\"brz-css-jadzb\">&eacute;galement planter des arbres d&rsquo;ombrage, ce qui cr&eacute;e des niches pour les <\/h4>\n<h4 class=\"brz-lh-lg-1_5 brz-ls-lg-0 brz-fw-lg-400 brz-fss-lg-px brz-fs-lg-14 brz-ft-google brz-ff-overpass brz-tp-lg-empty brz-css-mQsor\" data-uniq-id=\"jtezq\" data-generated-css=\"brz-css-xuvyh\">oiseaux et les insectes !<\/h4>\n<h4 class=\"brz-lh-lg-1_5 brz-ls-lg-0 brz-fw-lg-400 brz-fss-lg-px brz-fs-lg-14 brz-ft-google brz-ff-overpass brz-tp-lg-empty brz-css-wPoNb\" data-uniq-id=\"mkmgd\" data-generated-css=\"brz-css-ibwje\">La surtaxe soutient les programmes &eacute;ducatifs et la formation des <\/h4>\n<h4 class=\"brz-lh-lg-1_5 brz-ls-lg-0 brz-fw-lg-400 brz-fss-lg-px brz-fs-lg-14 brz-ft-google brz-ff-overpass brz-tp-lg-empty brz-css-kxPFe\" data-uniq-id=\"kmqae\" data-generated-css=\"brz-css-wxnap\">agriculteurs et fait de Conacado un acteur important pour les petits <\/h4>\n<h4 class=\"brz-lh-lg-1_5 brz-ls-lg-0 brz-fw-lg-400 brz-fss-lg-px brz-fs-lg-14 brz-ft-google brz-ff-overpass brz-tp-lg-empty brz-css-s2TRA\" data-uniq-id=\"ukzda\" data-generated-css=\"brz-css-myrmp\">agriculteurs de la R&eacute;publique dominicaine.<\/h4>\n<p class=\"brz-tp-lg-paragraph brz-css-w57uD\" data-uniq-id=\"wnuph\" data-generated-css=\"brz-css-muvhq\"><\/p>\n<\/div>\n<\/div>\n<\/div>\n<\/div>\n<\/div>\n<div class=\"brz-columns brz-css-tRTSG brz-css-xvBxV\" data-brz-custom-id=\"fwlgybwxkzdgzfucsqdujqqscdkhtkhuzeqv\">\n<div class=\"brz-column__items brz-css-fYTGu brz-css-p8P6w\">\n<div id class=\"brz-css-eqXv5 brz-wrapper\">\n<div class=\"brz-rich-text brz-rich-text__custom brz-css-e74No\" data-brz-custom-id=\"muykjhfujcdluytkafpoororianndhrtpmln\">\n<div data-brz-translate-text=\"1\">\n<h4 class=\"brz-lh-lg-1_5 brz-ls-lg-0 brz-fw-lg-700 brz-fss-lg-px brz-fs-lg-14 brz-ft-google brz-ff-raleway brz-tp-lg-empty brz-css-qiMHq\" data-uniq-id=\"ffauo\" data-generated-css=\"brz-css-qfawl\"><\/h4>\n<\/div>\n<\/div>\n<\/div>\n<div class=\"brz-row__container brz-css-lxxbe\" data-brz-custom-id=\"wobwnysxbxbziqmkftqhkgvlosjvmegxilpb\">\n<div class=\"brz-bg\"><\/div>\n<div class=\"brz-row brz-row--inner brz-css-mcnAG\">\n<div class=\"brz-columns brz-css-tRTSG brz-css-k44OM\" data-brz-custom-id=\"ftzqqkmxiwvvxqxnbgudzlbftmnaaaavlfed\">\n<div class=\"brz-bg\"><\/div>\n<div class=\"brz-column__items brz-css-fYTGu\">\n<div id class=\"brz-css-eqXv5 brz-wrapper\">\n<div class=\"brz-rich-text brz-rich-text__custom brz-css-e74No\" data-brz-custom-id=\"oxgjepwqjljzwkaiufklhdlshdixffdvylae\">\n<div data-brz-translate-text=\"1\">\n<p data-uniq-id=\"fywef\" data-generated-css=\"brz-css-ktvtg\" class=\"brz-fss-lg-px brz-fw-lg-600 brz-ls-lg-0 brz-lh-lg-1_8 brz-tp-lg-empty brz-ff-overpass brz-ft-google brz-fs-lg-20 brz-css-oajPB\">Producteur<\/p>\n<\/div>\n<\/div>\n<\/div>\n<\/div>\n<\/div>\n<div class=\"brz-columns brz-css-tRTSG brz-css-pQBEK\" data-brz-custom-id=\"dmbevekpifueewjycplpmxgyohhdfwgvhmko\">\n<div class=\"brz-bg\"><\/div>\n<div class=\"brz-column__items brz-css-fYTGu\">\n<div id class=\"brz-css-eqXv5 brz-wrapper\">\n<div class=\"brz-rich-text brz-rich-text__custom brz-css-e74No\" data-brz-custom-id=\"ggwztwwppeenjpmzbeeksccdljzgedvwciyc\">\n<div data-brz-translate-text=\"1\">\n<p class=\"brz-lh-lg-1_8 brz-ls-lg-0 brz-fw-lg-400 brz-fss-lg-px brz-fs-lg-14 brz-ft-google brz-ff-overpass brz-tp-lg-empty brz-css-f49bd\" data-generated-css=\"brz-css-mbrux\" data-uniq-id=\"liycx\">Coop&eacute;rative Conacado <\/p>\n<\/div>\n<\/div>\n<\/div>\n<\/div>\n<\/div>\n<\/div>\n<\/div>\n<div class=\"brz-row__container brz-css-lxxbe\" data-brz-custom-id=\"ybnxivxfkemrqgyzgwshtnluugijjlxmopqz\">\n<div class=\"brz-bg\"><\/div>\n<div class=\"brz-row brz-row--inner brz-css-mcnAG\">\n<div class=\"brz-columns brz-css-tRTSG brz-css-wEeCV\" data-brz-custom-id=\"uhrgcxoegupqpefwdqwdjhyucfoxbxwozvus\">\n<div class=\"brz-bg\"><\/div>\n<div class=\"brz-column__items brz-css-fYTGu\">\n<div id class=\"brz-css-eqXv5 brz-wrapper\">\n<div class=\"brz-rich-text brz-rich-text__custom brz-css-e74No\" data-brz-custom-id=\"ybasmjfiaxydkysowdqamhxcpdimdjetqehy\">\n<div data-brz-translate-text=\"1\">\n<p data-uniq-id=\"lnlnl\" data-generated-css=\"brz-css-gbrgr\" class=\"brz-ft-google brz-fs-lg-20 brz-fss-lg-px brz-fw-lg-600 brz-ls-lg-0 brz-lh-lg-1_8 brz-tp-lg-empty brz-ff-overpass brz-css-d7Ryh\">G&eacute;ographie <\/p>\n<\/div>\n<\/div>\n<\/div>\n<\/div>\n<\/div>\n<div class=\"brz-columns brz-css-tRTSG brz-css-sFVBF\" data-brz-custom-id=\"otqjtmylhllernrudvwvrczegarczvcssiho\">\n<div class=\"brz-bg\"><\/div>\n<div class=\"brz-column__items brz-css-fYTGu\">\n<div id class=\"brz-css-eqXv5 brz-wrapper\">\n<div class=\"brz-rich-text brz-rich-text__custom brz-css-e74No\" data-brz-custom-id=\"jildxnkjzzlsdwbbuknotvommbzuepymmact\">\n<div data-brz-translate-text=\"1\">\n<p class=\"brz-lh-lg-1_8 brz-ls-lg-0 brz-fw-lg-400 brz-fss-lg-px brz-fs-lg-14 brz-ft-google brz-ff-overpass brz-tp-lg-empty brz-css-vtrXd\" data-generated-css=\"brz-css-xffio\" data-uniq-id=\"luvat\">Pays : R&eacute;publique Dominicaine<\/p>\n<\/div>\n<\/div>\n<\/div>\n<\/div>\n<\/div>\n<\/div>\n<\/div>\n<div class=\"brz-row__container brz-css-lxxbe\" data-brz-custom-id=\"csonsztdzrckrqwtepckckrpednafncdoeyn\">\n<div class=\"brz-bg\"><\/div>\n<div class=\"brz-row brz-row--inner brz-css-mcnAG\">\n<div class=\"brz-columns brz-css-tRTSG\" data-brz-custom-id=\"cnsbzwbjinwutigdskpuvrismszqjzgxoubj\">\n<div class=\"brz-bg\"><\/div>\n<div class=\"brz-column__items brz-css-fYTGu\">\n<div id class=\"brz-css-eqXv5 brz-wrapper\">\n<div class=\"brz-rich-text brz-rich-text__custom brz-css-e74No\" data-brz-custom-id=\"yzouncranzqctebcjtnxshtigyhmjfziuixg\">\n<div data-brz-translate-text=\"1\">\n<p data-uniq-id=\"nqhwu\" data-generated-css=\"brz-css-nfntg\" class=\"brz-ls-lg-0 brz-lh-lg-1_8 brz-tp-lg-empty brz-ff-overpass brz-ft-google brz-fs-lg-20 brz-fss-lg-px brz-fw-lg-600 brz-css-hLp3H\">Vari&eacute;t&eacute;s <\/p>\n<\/div>\n<\/div>\n<\/div>\n<\/div>\n<\/div>\n<div class=\"brz-columns brz-css-tRTSG\" data-brz-custom-id=\"vvnlydwdzyqqfacxcdiwaklswdrhpislkujv\">\n<div class=\"brz-bg\"><\/div>\n<div class=\"brz-column__items brz-css-fYTGu\">\n<div id class=\"brz-css-eqXv5 brz-wrapper\">\n<div class=\"brz-rich-text brz-rich-text__custom brz-css-e74No\" data-brz-custom-id=\"vgrhuswujctwkduvtyonxhzwythlajinyjnd\">\n<div data-brz-translate-text=\"1\">\n<p class=\"brz-lh-lg-1_8 brz-ls-lg-0 brz-fw-lg-400 brz-fss-lg-px brz-fs-lg-14 brz-ft-google brz-ff-overpass brz-tp-lg-empty brz-css-yr7o2\" data-generated-css=\"brz-css-wmveo\" data-uniq-id=\"umidq\">Trinitario<\/p>\n<\/div>\n<\/div>\n<\/div>\n<\/div>\n<\/div>\n<\/div>\n<\/div>\n<div class=\"brz-row__container brz-css-lxxbe\" data-brz-custom-id=\"xoqkqyuhmzdebszabvlmostvlvhjzxfjywss\">\n<div class=\"brz-bg\"><\/div>\n<div class=\"brz-row brz-row--inner brz-css-mcnAG\">\n<div class=\"brz-columns brz-css-tRTSG brz-css-xJobw\" data-brz-custom-id=\"oerazhqinqzmjrnjnukpfjohddxflmodsvzq\">\n<div class=\"brz-bg\"><\/div>\n<div class=\"brz-column__items brz-css-fYTGu\">\n<div id class=\"brz-css-eqXv5 brz-wrapper\">\n<div class=\"brz-rich-text brz-rich-text__custom brz-css-e74No\" data-brz-custom-id=\"kegpdlrgazusznnzaahllafhfgxplhczsxdg\">\n<div data-brz-translate-text=\"1\">\n<p class=\"brz-fw-lg-600 brz-fss-lg-px brz-fs-lg-20 brz-ft-google brz-ff-overpass brz-tp-lg-empty brz-lh-lg-1_8 brz-ls-lg-0 brz-css-x76zG\" data-generated-css=\"brz-css-ztrsn\" data-uniq-id=\"hkjna\"><\/p>\n<\/div>\n<\/div>\n<\/div>\n<\/div>\n<\/div>\n<div class=\"brz-columns brz-css-tRTSG brz-css-xMSxr\" data-brz-custom-id=\"pfntkjrezdvqiynvldgaybsmdtdgacoyjmkj\">\n<div class=\"brz-bg\"><\/div>\n<div class=\"brz-column__items brz-css-fYTGu\">\n<div id class=\"brz-css-eqXv5 brz-wrapper\">\n<div class=\"brz-rich-text brz-rich-text__custom brz-css-e74No\" data-brz-custom-id=\"bdektfvdezvxjqucfcqlbixglmxrhtxndxyp\">\n<div data-brz-translate-text=\"1\">\n<p class=\"brz-lh-lg-1_3 brz-ls-lg-0 brz-fw-lg-400 brz-fss-lg-px brz-fs-lg-14 brz-ft-google brz-ff-overpass brz-tp-lg-empty brz-css-bW2nO\" data-uniq-id=\"lxvey\" data-generated-css=\"brz-css-wbjis\"><\/p>\n<p data-generated-css=\"brz-css-ncpaq\" data-uniq-id=\"twegf\" class=\"brz-css-ceDmb\"><\/p>\n<\/div>\n<\/div>\n<\/div>\n<\/div>\n<\/div>\n<\/div>\n<\/div>\n<\/div>\n<\/div>\n<\/div>\n<\/div>\n<\/div>\n<\/div>\n<\/section>\n<\/div>\n<p><!-- version:1715951224 --><\/p>\n","protected":false},"excerpt":{"rendered":"<p>Tablette de 75 g<\/p>\n<p>Certifi\u00e9e biologique<\/p>\n<p>F\u00e8ves provenant de la R\u00e9publique Dominicaine transport\u00e9es par le navire Tres Hombres \u00e0 Amsterdam, o\u00f9 les grains sont transform\u00e9s en d\u00e9licieux chocolat. Les tablettes sont ensuite charg\u00e9es \u00e0 bord d&rsquo;un autre voilier pour la livraison jusqu&rsquo;\u00e0 la Rochelle.<\/p>\n","protected":false},"featured_media":2917,"comment_status":"open","ping_status":"closed","template":"brizy-blank-template.php","meta":[],"product_cat":[18],"product_tag":[],"_links":{"self":[{"href":"https:\/\/venfret.fr\/index.php\/wp-json\/wp\/v2\/product\/686"}],"collection":[{"href":"https:\/\/venfret.fr\/index.php\/wp-json\/wp\/v2\/product"}],"about":[{"href":"https:\/\/venfret.fr\/index.php\/wp-json\/wp\/v2\/types\/product"}],"replies":[{"embeddable":true,"href":"https:\/\/venfret.fr\/index.php\/wp-json\/wp\/v2\/comments?post=686"}],"wp:featuredmedia":[{"embeddable":true,"href":"https:\/\/venfret.fr\/index.php\/wp-json\/wp\/v2\/media\/2917"}],"wp:attachment":[{"href":"https:\/\/venfret.fr\/index.php\/wp-json\/wp\/v2\/media?parent=686"}],"wp:term":[{"taxonomy":"product_cat","embeddable":true,"href":"https:\/\/venfret.fr\/index.php\/wp-json\/wp\/v2\/product_cat?post=686"},{"taxonomy":"product_tag","embeddable":true,"href":"https:\/\/venfret.fr\/index.php\/wp-json\/wp\/v2\/product_tag?post=686"}],"curies":[{"name":"wp","href":"https:\/\/api.w.org\/{rel}","templated":true}]}}